Last updated on 2025-01-17 03:52:31 CET.
Flavor | Version | Tinstall | Tcheck | Ttotal | Status | Flags |
---|---|---|---|---|---|---|
r-devel-linux-x86_64-debian-clang | 1.0.11 | 17.31 | 190.40 | 207.71 | OK | |
r-devel-linux-x86_64-debian-gcc | 1.0.11 | 13.36 | 121.37 | 134.73 | OK | |
r-devel-linux-x86_64-fedora-clang | 1.0.11 | 334.88 | OK | |||
r-devel-linux-x86_64-fedora-gcc | 1.0.11 | 310.60 | OK | |||
r-devel-windows-x86_64 | 1.0.11 | 23.00 | 256.00 | 279.00 | OK | |
r-patched-linux-x86_64 | 1.0.11 | 23.78 | 176.59 | 200.37 | OK | |
r-release-linux-x86_64 | 1.0.11 | 15.83 | 178.42 | 194.25 | OK | |
r-release-macos-arm64 | 1.0.11 | 88.00 | NOTE | |||
r-release-macos-x86_64 | 1.0.11 | 129.00 | OK | |||
r-release-windows-x86_64 | 1.0.11 | 23.00 | 257.00 | 280.00 | OK | |
r-oldrel-macos-arm64 | 1.0.11 | 96.00 | OK | |||
r-oldrel-macos-x86_64 | 1.0.11 | 181.00 | OK | |||
r-oldrel-windows-x86_64 | 1.0.11 | 22.00 | 311.00 | 333.00 | OK |
Version: 1.0.11
Check: package dependencies
Result: NOTE
Package suggested but not available for checking: ‘testthat’
Flavor: r-release-macos-arm64