CRAN Package Check Results for Package DetR

Last updated on 2024-05-26 02:59:52 CEST.

Flavor Version Tinstall Tcheck Ttotal Status Flags
r-devel-linux-x86_64-debian-clang 0.0.5 58.49 40.24 98.73 NOTE
r-devel-linux-x86_64-debian-gcc 0.0.5 47.56 34.13 81.69 NOTE
r-devel-linux-x86_64-fedora-clang 0.0.5 130.95 NOTE
r-devel-linux-x86_64-fedora-gcc 0.0.5 147.41 NOTE
r-devel-windows-x86_64 0.0.5 43.00 59.00 102.00 NOTE
r-patched-linux-x86_64 0.0.5 58.70 43.24 101.94 NOTE
r-release-linux-x86_64 0.0.5 69.26 42.69 111.95 NOTE
r-release-macos-arm64 0.0.5 38.00 NOTE
r-release-windows-x86_64 0.0.5 46.00 59.00 105.00 NOTE
r-oldrel-macos-arm64 0.0.5 42.00 NOTE
r-oldrel-macos-x86_64 0.0.5 66.00 NOTE
r-oldrel-windows-x86_64 0.0.5 58.00 85.00 143.00 NOTE

Check Details

Version: 0.0.5
Check: C++ specification
Result: NOTE Specified C++11: please drop specification unless essential Flavors: r-devel-linux-x86_64-debian-clang, r-devel-linux-x86_64-debian-gcc, r-devel-linux-x86_64-fedora-clang, r-devel-linux-x86_64-fedora-gcc, r-devel-windows-x86_64, r-patched-linux-x86_64, r-release-linux-x86_64, r-release-macos-arm64, r-release-windows-x86_64, r-oldrel-macos-arm64, r-oldrel-macos-x86_64, r-oldrel-windows-x86_64

Version: 0.0.5
Check: installed package size
Result: NOTE installed size is 19.5Mb sub-directories of 1Mb or more: libs 18.7Mb Flavors: r-release-macos-arm64, r-oldrel-macos-arm64, r-oldrel-macos-x86_64