Last updated on 2023-03-20 12:51:07 CET.
Flavor | Version | Tinstall | Tcheck | Ttotal | Status | Flags |
---|---|---|---|---|---|---|
r-devel-linux-x86_64-debian-clang | 0.0.5 | OK | ||||
r-devel-linux-x86_64-debian-gcc | 0.0.5 | 27.84 | 24.05 | 51.89 | OK | |
r-devel-linux-x86_64-fedora-clang | 0.0.5 | 88.08 | OK | |||
r-devel-linux-x86_64-fedora-gcc | 0.0.5 | 84.26 | OK | |||
r-devel-windows-x86_64 | 0.0.5 | 34.00 | 73.00 | 107.00 | OK | |
r-patched-linux-x86_64 | 0.0.5 | 32.24 | 31.08 | 63.32 | OK | |
r-release-linux-x86_64 | 0.0.5 | 30.52 | 30.51 | 61.03 | OK | |
r-release-macos-arm64 | 0.0.5 | 33.00 | NOTE | |||
r-release-macos-x86_64 | 0.0.5 | 37.00 | NOTE | |||
r-release-windows-x86_64 | 0.0.5 | 31.00 | 77.00 | 108.00 | OK | |
r-oldrel-macos-arm64 | 0.0.5 | 36.00 | NOTE | |||
r-oldrel-macos-x86_64 | 0.0.5 | 51.00 | NOTE | |||
r-oldrel-windows-ix86+x86_64 | 0.0.5 | 76.00 | 78.00 | 154.00 | OK |
Version: 0.0.5
Check: installed package size
Result: NOTE
installed size is 12.1Mb
sub-directories of 1Mb or more:
libs 12.0Mb
Flavors: r-release-macos-arm64, r-release-macos-x86_64, r-oldrel-macos-arm64, r-oldrel-macos-x86_64