Last updated on 2023-04-02 06:50:22 CEST.
Flavor | Version | Tinstall | Tcheck | Ttotal | Status | Flags |
---|---|---|---|---|---|---|
r-devel-linux-x86_64-debian-clang | 1.3.2 | 2.63 | 32.55 | 35.18 | OK | |
r-devel-linux-x86_64-debian-gcc | 1.3.2 | 2.15 | 25.48 | 27.63 | OK | |
r-devel-linux-x86_64-fedora-clang | 1.3.2 | 45.36 | NOTE | |||
r-devel-linux-x86_64-fedora-gcc | 1.3.2 | 55.72 | NOTE | |||
r-devel-windows-x86_64 | 1.3.2 | 7.00 | 64.00 | 71.00 | OK | |
r-patched-linux-x86_64 | 1.3.2 | 3.04 | 31.82 | 34.86 | OK | |
r-release-linux-x86_64 | 1.3.2 | 2.43 | 34.08 | 36.51 | OK | |
r-release-macos-arm64 | 1.3.2 | 20.00 | NOTE | |||
r-release-macos-x86_64 | 1.3.2 | 36.00 | NOTE | |||
r-release-windows-x86_64 | 1.3.2 | 139.00 | 72.00 | 211.00 | OK | |
r-oldrel-macos-arm64 | 1.3.2 | 28.00 | NOTE | |||
r-oldrel-macos-x86_64 | 1.3.2 | 32.00 | NOTE | |||
r-oldrel-windows-ix86+x86_64 | 1.3.2 | 7.00 | 78.00 | 85.00 | OK |
Version: 1.3.2
Check: data for non-ASCII characters
Result: NOTE
Note: found 5764 marked UTF-8 strings
Flavors: r-devel-linux-x86_64-fedora-clang, r-devel-linux-x86_64-fedora-gcc, r-release-macos-arm64, r-release-macos-x86_64, r-oldrel-macos-arm64, r-oldrel-macos-x86_64