CRAN Package Check Results for Package DescTools

Last updated on 2020-09-23 07:02:37 CEST.

Flavor Version Tinstall Tcheck Ttotal Status Flags
r-devel-linux-x86_64-debian-clang 0.99.38 94.70 343.59 438.29 NOTE
r-devel-linux-x86_64-debian-gcc 0.99.38 72.00 257.02 329.02 NOTE
r-devel-linux-x86_64-fedora-clang 0.99.38 549.08 NOTE
r-devel-linux-x86_64-fedora-gcc 0.99.38 726.77 NOTE
r-devel-windows-ix86+x86_64 0.99.38 190.00 606.00 796.00 NOTE
r-patched-linux-x86_64 0.99.38 85.53 326.46 411.99 NOTE
r-patched-solaris-x86 0.99.38 540.70 NOTE
r-release-linux-x86_64 0.99.38 88.17 323.59 411.76 NOTE
r-release-macos-x86_64 0.99.38 NOTE
r-release-windows-ix86+x86_64 0.99.38 167.00 626.00 793.00 NOTE
r-oldrel-macos-x86_64 0.99.38 NOTE
r-oldrel-windows-ix86+x86_64 0.99.38 132.00 596.00 728.00 NOTE

Check Details

Version: 0.99.38
Check: package dependencies
Result: NOTE
    Package suggested but not available for checking: 'RDCOMClient'
Flavors: r-devel-linux-x86_64-debian-clang, r-devel-linux-x86_64-debian-gcc, r-devel-linux-x86_64-fedora-clang, r-devel-linux-x86_64-fedora-gcc, r-devel-windows-ix86+x86_64, r-patched-linux-x86_64, r-patched-solaris-x86, r-release-linux-x86_64, r-release-macos-x86_64, r-release-windows-ix86+x86_64, r-oldrel-macos-x86_64, r-oldrel-windows-ix86+x86_64

Version: 0.99.38
Check: installed package size
Result: NOTE
     installed size is 8.8Mb
     sub-directories of 1Mb or more:
     R 1.6Mb
     doc 1.7Mb
     help 1.5Mb
     libs 3.4Mb
Flavors: r-devel-linux-x86_64-fedora-clang, r-devel-windows-ix86+x86_64, r-patched-solaris-x86, r-release-macos-x86_64, r-release-windows-ix86+x86_64, r-oldrel-macos-x86_64, r-oldrel-windows-ix86+x86_64

Version: 0.99.38
Check: Rd cross-references
Result: NOTE
    Undeclared packages ‘ineq’, ‘randtests’, ‘Hmisc’, ‘plotrix’, ‘caret’, ‘pcaPP’, ‘polycor’, ‘lmtest’, ‘car’, ‘gmp’, ‘vcdExtra’, ‘chron’, ‘coin’, ‘caTools’, ‘forecast’, ‘sfsmisc’, ‘vcd’, ‘corrgram’, ‘UsingR’, ‘memisc’, ‘gtools’, ‘BSDA’, ‘prettyR’ in Rd xrefs
Flavor: r-devel-linux-x86_64-fedora-clang

Version: 0.99.38
Check: dependencies in R code
Result: NOTE
    No protocol specified
    No protocol specified
Flavor: r-oldrel-macos-x86_64