Last updated on 2024-04-23 12:49:25 CEST.
Flavor | Version | Tinstall | Tcheck | Ttotal | Status | Flags |
---|---|---|---|---|---|---|
r-devel-linux-x86_64-debian-clang | 4.1.3 | 4.37 | 45.38 | 49.75 | NOTE | |
r-devel-linux-x86_64-debian-gcc | 4.1.3 | 2.90 | 33.77 | 36.67 | NOTE | |
r-devel-linux-x86_64-fedora-clang | 4.1.3 | 63.50 | NOTE | |||
r-devel-linux-x86_64-fedora-gcc | 4.1.3 | 60.63 | NOTE | |||
r-prerel-macos-arm64 | 4.1.3 | 21.00 | NOTE | |||
r-prerel-windows-x86_64 | 4.1.3 | 5.00 | 53.00 | 58.00 | NOTE | |
r-patched-linux-x86_64 | 4.1.3 | 5.78 | 43.32 | 49.10 | NOTE | |
r-release-linux-x86_64 | 4.1.3 | 5.50 | 43.16 | 48.66 | OK | |
r-release-macos-arm64 | 4.1.3 | 22.00 | OK | |||
r-release-macos-x86_64 | 4.1.3 | 33.00 | OK | |||
r-release-windows-x86_64 | 4.1.3 | 6.00 | 60.00 | 66.00 | OK | |
r-oldrel-macos-arm64 | 4.1.3 | 26.00 | OK | |||
r-oldrel-windows-x86_64 | 4.1.3 | 6.00 | 64.00 | 70.00 | OK |
Version: 4.1.3
Check: Rd files
Result: NOTE
checkRd: (-1) Deriv.Rd:33: Lost braces
33 | guessed either from\ code{names(formals(f))} (if \code{f} is a function)
| ^
Flavors: r-devel-linux-x86_64-debian-clang, r-devel-linux-x86_64-debian-gcc, r-devel-linux-x86_64-fedora-clang, r-devel-linux-x86_64-fedora-gcc, r-prerel-macos-arm64, r-prerel-windows-x86_64, r-patched-linux-x86_64