Last updated on 2025-04-30 12:49:01 CEST.
Flavor | Version | Tinstall | Tcheck | Ttotal | Status | Flags |
---|---|---|---|---|---|---|
r-devel-linux-x86_64-debian-clang | 1.1 | 1.96 | 20.07 | 22.03 | NOTE | |
r-devel-linux-x86_64-debian-gcc | 1.1 | 1.63 | 16.85 | 18.48 | NOTE | |
r-devel-linux-x86_64-fedora-clang | 1.1 | 34.62 | OK | |||
r-devel-linux-x86_64-fedora-gcc | 1.1 | 32.77 | OK | |||
r-devel-windows-x86_64 | 1.1 | 3.00 | 45.00 | 48.00 | OK | |
r-patched-linux-x86_64 | 1.1 | 1.68 | 19.52 | 21.20 | OK | |
r-release-linux-x86_64 | 1.1 | 1.70 | 19.45 | 21.15 | OK | |
r-release-macos-arm64 | 1.1 | 16.00 | OK | |||
r-release-macos-x86_64 | 1.1 | 24.00 | OK | |||
r-release-windows-x86_64 | 1.1 | 3.00 | 45.00 | 48.00 | OK | |
r-oldrel-macos-arm64 | 1.1 | 16.00 | OK | |||
r-oldrel-macos-x86_64 | 1.1 | 22.00 | OK | |||
r-oldrel-windows-x86_64 | 1.1 | 3.00 | 44.00 | 47.00 | OK |
Version: 1.1
Check: CRAN incoming feasibility
Result: NOTE
Maintainer: ‘Yikai Wang <johnzon.wyk@gmail.com>’
No Authors@R field in DESCRIPTION.
Please add one, modifying
Authors@R: c(person(given = "Yikai",
family = "Wang",
role = c("aut", "cre"),
email = "johnzon.wyk@gmail.com"),
person(given = "Jian",
family = "Kang",
role = "aut"),
person(given = c("Phebe", "Brenne"),
family = "Kemmer",
role = "aut"),
person(given = "Ying",
family = "Guo",
role = "aut"))
as necessary.
Flavors: r-devel-linux-x86_64-debian-clang, r-devel-linux-x86_64-debian-gcc