CRAN Package Check Results for Package DeltaMAN

Last updated on 2022-12-09 21:53:42 CET.

Flavor Version Tinstall Tcheck Ttotal Status Flags
r-devel-linux-x86_64-debian-clang 0.5.0 4.21 30.25 34.46 OK
r-devel-linux-x86_64-debian-gcc 0.5.0 3.37 28.82 32.19 OK
r-devel-linux-x86_64-fedora-clang 0.5.0 53.92 NOTE
r-devel-linux-x86_64-fedora-gcc 0.5.0 51.84 NOTE
r-devel-windows-x86_64 0.5.0 21.00 72.00 93.00 OK
r-patched-linux-x86_64 0.5.0 3.56 29.47 33.03 OK
r-release-linux-x86_64 0.5.0 3.02 29.62 32.64 OK
r-release-macos-arm64 0.5.0 17.00 NOTE
r-release-macos-x86_64 0.5.0 22.00 NOTE
r-release-windows-x86_64 0.5.0 14.00 61.00 75.00 OK
r-oldrel-macos-arm64 0.5.0 19.00 NOTE
r-oldrel-macos-x86_64 0.5.0 23.00 NOTE
r-oldrel-windows-ix86+x86_64 0.5.0 10.00 55.00 65.00 OK

Check Details

Version: 0.5.0
Check: dependencies in R code
Result: NOTE
    Namespaces in Imports field not imported from:
     ‘knitr’ ‘shinyBS’ ‘shinyMatrix’
     All declared Imports should be used.
Flavors: r-devel-linux-x86_64-fedora-clang, r-devel-linux-x86_64-fedora-gcc, r-release-macos-arm64, r-release-macos-x86_64, r-oldrel-macos-arm64, r-oldrel-macos-x86_64