Last updated on 2024-03-29 06:56:24 CET.
Flavor | Version | Tinstall | Tcheck | Ttotal | Status | Flags |
---|---|---|---|---|---|---|
r-devel-linux-x86_64-debian-clang | 0.1.2 | 7.07 | 74.65 | 81.72 | NOTE | |
r-devel-linux-x86_64-debian-gcc | 0.1.2 | 5.99 | 55.68 | 61.67 | NOTE | |
r-devel-linux-x86_64-fedora-clang | 0.1.2 | 105.46 | NOTE | |||
r-devel-linux-x86_64-fedora-gcc | 0.1.2 | 118.55 | NOTE | |||
r-devel-windows-x86_64 | 0.1.2 | 7.00 | 74.00 | 81.00 | NOTE | |
r-patched-linux-x86_64 | 0.1.2 | 8.06 | 74.29 | 82.35 | NOTE | |
r-release-linux-x86_64 | 0.1.2 | 8.11 | 72.52 | 80.63 | NOTE | |
r-release-macos-arm64 | 0.1.2 | 32.00 | NOTE | |||
r-release-macos-x86_64 | 0.1.2 | 46.00 | NOTE | |||
r-release-windows-x86_64 | 0.1.2 | 7.00 | 77.00 | 84.00 | NOTE | |
r-oldrel-macos-arm64 | 0.1.2 | 37.00 | NOTE | |||
r-oldrel-windows-x86_64 | 0.1.2 | 9.00 | 85.00 | 94.00 | NOTE |
Version: 0.1.2
Check: LazyData
Result: NOTE
'LazyData' is specified without a 'data' directory
Flavors: r-devel-linux-x86_64-debian-clang, r-devel-linux-x86_64-debian-gcc, r-devel-linux-x86_64-fedora-clang, r-devel-linux-x86_64-fedora-gcc, r-devel-windows-x86_64, r-patched-linux-x86_64, r-release-linux-x86_64, r-release-macos-arm64, r-release-macos-x86_64, r-release-windows-x86_64, r-oldrel-macos-arm64, r-oldrel-windows-x86_64