CRAN Package Check Results for Package DTRreg

Last updated on 2025-04-30 06:51:16 CEST.

Flavor Version Tinstall Tcheck Ttotal Status Flags
r-devel-linux-x86_64-debian-clang 2.2 6.46 32.90 39.36 NOTE
r-devel-linux-x86_64-debian-gcc 2.2 5.30 24.65 29.95 NOTE
r-devel-linux-x86_64-fedora-clang 2.2 63.80 NOTE
r-devel-linux-x86_64-fedora-gcc 2.2 60.21 NOTE
r-devel-windows-x86_64 2.2 7.00 51.00 58.00 NOTE
r-patched-linux-x86_64 2.2 7.70 31.80 39.50 NOTE
r-release-linux-x86_64 2.2 5.86 31.56 37.42 NOTE
r-release-macos-arm64 2.2 24.00 NOTE
r-release-macos-x86_64 2.2 38.00 NOTE
r-release-windows-x86_64 2.2 7.00 54.00 61.00 NOTE
r-oldrel-macos-arm64 2.2 21.00 OK
r-oldrel-macos-x86_64 2.2 32.00 OK
r-oldrel-windows-x86_64 2.2 6.00 57.00 63.00 OK

Check Details

Version: 2.2
Check: CRAN incoming feasibility
Result: NOTE Maintainer: ‘Shannon T. Holloway <shannon.t.holloway@gmail.com>’ No Authors@R field in DESCRIPTION. Please add one, modifying Authors@R: c(person(given = "Michael", family = "Wallace", role = "aut"), person(given = c("Erica", "E", "M"), family = "Moodie", role = "aut"), person(given = c("David", "A"), family = "Stephens", role = "aut"), person(given = "Gabrielle", family = "Simoneau", role = "aut"), person(given = c("Shannon", "T."), family = "Holloway", role = c("aut", "cre"), email = "shannon.t.holloway@gmail.com"), person(given = "Juliana", family = "Schulz", role = "aut")) as necessary. Flavors: r-devel-linux-x86_64-debian-clang, r-devel-linux-x86_64-debian-gcc

Version: 2.2
Check: DESCRIPTION meta-information
Result: NOTE Missing dependency on R >= 4.1.0 because package code uses the pipe |> or function shorthand \(...) syntax added in R 4.1.0. File(s) using such syntax: ‘Ahat.R’ ‘DTRreg.R’ ‘DWsurv.R’ ‘dtrProcedure.R’ ‘gest.R’ ‘inputProcessing.R’ ‘interactive.R’ ‘treatmentClasses.R’ ‘utils.R’ ‘varest.R’ Flavors: r-devel-linux-x86_64-debian-clang, r-devel-linux-x86_64-debian-gcc, r-devel-linux-x86_64-fedora-clang, r-devel-linux-x86_64-fedora-gcc, r-devel-windows-x86_64, r-patched-linux-x86_64, r-release-linux-x86_64, r-release-macos-arm64, r-release-macos-x86_64, r-release-windows-x86_64