Last updated on 2024-04-25 03:53:58 CEST.
Flavor | Version | Tinstall | Tcheck | Ttotal | Status | Flags |
---|---|---|---|---|---|---|
r-devel-linux-x86_64-debian-clang | 1.0.2.5 | 2.78 | 26.67 | 29.45 | OK | |
r-devel-linux-x86_64-debian-gcc | 1.0.2.5 | 2.41 | 20.44 | 22.85 | OK | |
r-devel-linux-x86_64-fedora-clang | 1.0.2.5 | 37.32 | NOTE | |||
r-devel-linux-x86_64-fedora-gcc | 1.0.2.5 | 35.63 | NOTE | |||
r-devel-windows-x86_64 | 1.0.2.5 | 4.00 | 38.00 | 42.00 | OK | |
r-patched-linux-x86_64 | 1.0.2.5 | 3.13 | 24.83 | 27.96 | OK | |
r-release-linux-x86_64 | 1.0.2.5 | 2.94 | 25.35 | 28.29 | OK | |
r-release-macos-arm64 | 1.0.2.5 | 16.00 | OK | |||
r-release-windows-x86_64 | 1.0.2.5 | 4.00 | 39.00 | 43.00 | OK | |
r-oldrel-macos-arm64 | 1.0.2.5 | 18.00 | OK | |||
r-oldrel-macos-x86_64 | 1.0.2.5 | 22.00 | OK | |||
r-oldrel-windows-x86_64 | 1.0.2.5 | 6.00 | 40.00 | 46.00 | OK |
Version: 1.0.2.5
Check: data for non-ASCII characters
Result: NOTE
Note: found 1 marked Latin-1 string
Flavors: r-devel-linux-x86_64-fedora-clang, r-devel-linux-x86_64-fedora-gcc