CRAN Package Check Results for Package DT

Last updated on 2020-11-27 03:50:08 CET.

Flavor Version Tinstall Tcheck Ttotal Status Flags
r-devel-linux-x86_64-debian-clang 0.16 6.16 37.33 43.49 OK
r-devel-linux-x86_64-debian-gcc 0.16 4.50 29.02 33.52 OK
r-devel-linux-x86_64-fedora-clang 0.16 57.10 NOTE
r-devel-linux-x86_64-fedora-gcc 0.16 47.38 OK
r-devel-windows-ix86+x86_64 0.16 10.00 51.00 61.00 OK
r-patched-linux-x86_64 0.16 5.47 35.07 40.54 OK
r-patched-solaris-x86 0.16 68.00 OK
r-release-linux-x86_64 0.16 5.96 35.34 41.30 OK
r-release-macos-x86_64 0.16 OK
r-release-windows-ix86+x86_64 0.16 10.00 42.00 52.00 OK
r-oldrel-macos-x86_64 0.16 OK
r-oldrel-windows-ix86+x86_64 0.16 9.00 40.00 49.00 OK

Check Details

Version: 0.16
Check: installed package size
Result: NOTE
     installed size is 5.4Mb
     sub-directories of 1Mb or more:
     htmlwidgets 4.4Mb
Flavor: r-devel-linux-x86_64-fedora-clang