CRAN Package Check Results for Package DSpoty

Last updated on 2025-02-08 12:49:28 CET.

Flavor Version Tinstall Tcheck Ttotal Status Flags
r-devel-linux-x86_64-debian-clang 0.1.0 4.41 35.32 39.73 OK
r-devel-linux-x86_64-debian-gcc 0.1.0 3.14 26.15 29.29 OK
r-devel-linux-x86_64-fedora-clang 0.1.0 62.13 OK
r-devel-linux-x86_64-fedora-gcc 0.1.0 58.80 OK
r-devel-windows-x86_64 0.1.0 6.00 54.00 60.00 OK
r-patched-linux-x86_64 0.1.0 4.70 31.95 36.65 NOTE
r-release-linux-x86_64 0.1.0 4.29 31.85 36.14 NOTE
r-release-macos-arm64 0.1.0 22.00 NOTE
r-release-macos-x86_64 0.1.0 32.00 NOTE
r-release-windows-x86_64 0.1.0 7.00 54.00 61.00 NOTE
r-oldrel-macos-arm64 0.1.0 23.00 NOTE
r-oldrel-macos-x86_64 0.1.0 32.00 NOTE
r-oldrel-windows-x86_64 0.1.0 7.00 63.00 70.00 NOTE

Check Details

Version: 0.1.0
Check: LazyData
Result: NOTE 'LazyData' is specified without a 'data' directory Flavors: r-patched-linux-x86_64, r-release-linux-x86_64, r-release-macos-arm64, r-release-macos-x86_64, r-release-windows-x86_64, r-oldrel-macos-arm64, r-oldrel-macos-x86_64, r-oldrel-windows-x86_64