CRAN Package Check Results for Package DSpoty

Last updated on 2022-09-29 21:49:04 CEST.

Flavor Version Tinstall Tcheck Ttotal Status Flags
r-devel-linux-x86_64-debian-clang 0.1.0 6.43 50.52 56.95 NOTE
r-devel-linux-x86_64-debian-gcc 0.1.0 4.30 37.99 42.29 NOTE
r-devel-linux-x86_64-fedora-clang 0.1.0 79.70 NOTE
r-devel-linux-x86_64-fedora-gcc 0.1.0 75.02 NOTE
r-devel-windows-x86_64 0.1.0 20.00 79.00 99.00 NOTE
r-patched-linux-x86_64 0.1.0 6.89 46.73 53.62 NOTE
r-release-linux-x86_64 0.1.0 5.34 46.64 51.98 NOTE
r-release-macos-arm64 0.1.0 26.00 NOTE
r-release-macos-x86_64 0.1.0 45.00 NOTE
r-release-windows-x86_64 0.1.0 17.00 76.00 93.00 NOTE
r-oldrel-macos-arm64 0.1.0 28.00 NOTE
r-oldrel-macos-x86_64 0.1.0 38.00 NOTE
r-oldrel-windows-ix86+x86_64 0.1.0 16.00 72.00 88.00 NOTE

Check Details

Version: 0.1.0
Check: LazyData
Result: NOTE
     'LazyData' is specified without a 'data' directory
Flavors: r-devel-linux-x86_64-debian-clang, r-devel-linux-x86_64-debian-gcc, r-devel-linux-x86_64-fedora-clang, r-devel-linux-x86_64-fedora-gcc, r-devel-windows-x86_64, r-patched-linux-x86_64, r-release-linux-x86_64, r-release-macos-arm64, r-release-macos-x86_64, r-release-windows-x86_64, r-oldrel-macos-arm64, r-oldrel-macos-x86_64, r-oldrel-windows-ix86+x86_64