Last updated on 2025-02-01 12:48:25 CET.
Flavor | Version | Tinstall | Tcheck | Ttotal | Status | Flags |
---|---|---|---|---|---|---|
r-devel-linux-x86_64-debian-clang | 1.4.0 | 6.07 | 44.54 | 50.61 | NOTE | |
r-devel-linux-x86_64-debian-gcc | 1.4.0 | 4.22 | 32.57 | 36.79 | NOTE | |
r-devel-linux-x86_64-fedora-clang | 1.4.0 | 81.81 | OK | |||
r-devel-linux-x86_64-fedora-gcc | 1.4.0 | 73.14 | OK | |||
r-devel-windows-x86_64 | 1.4.0 | 8.00 | 69.00 | 77.00 | NOTE | |
r-patched-linux-x86_64 | 1.4.0 | 13.44 | 40.27 | 53.71 | OK | |
r-release-linux-x86_64 | 1.4.0 | 6.05 | 40.71 | 46.76 | OK | |
r-release-macos-arm64 | 1.4.0 | 24.00 | OK | |||
r-release-macos-x86_64 | 1.4.0 | 38.00 | OK | |||
r-release-windows-x86_64 | 1.4.0 | 8.00 | 69.00 | 77.00 | OK | |
r-oldrel-macos-arm64 | 1.4.0 | 27.00 | OK | |||
r-oldrel-macos-x86_64 | 1.4.0 | 42.00 | OK | |||
r-oldrel-windows-x86_64 | 1.4.0 | 11.00 | 75.00 | 86.00 | OK |
Version: 1.4.0
Check: Rd cross-references
Result: NOTE
Found the following Rd file(s) with Rd \link{} targets missing package
anchors:
OpalConnection-class.Rd: DSConnection-class
OpalDriver-class.Rd: DSDriver-class
OpalResult-class.Rd: DSResult-class
Please provide package anchors for all Rd \link{} targets not in the
package itself and the base packages.
Flavors: r-devel-linux-x86_64-debian-clang, r-devel-linux-x86_64-debian-gcc, r-devel-windows-x86_64