Last updated on 2022-07-02 12:53:02 CEST.
Flavor | Version | Tinstall | Tcheck | Ttotal | Status | Flags |
---|---|---|---|---|---|---|
r-devel-linux-x86_64-debian-clang | 0.9.3 | 10.86 | 183.32 | 194.18 | OK | |
r-devel-linux-x86_64-debian-gcc | 0.9.3 | 8.83 | 128.46 | 137.29 | OK | |
r-devel-linux-x86_64-fedora-clang | 0.9.3 | 223.72 | NOTE | |||
r-devel-linux-x86_64-fedora-gcc | 0.9.3 | 241.13 | OK | |||
r-devel-windows-x86_64 | 0.9.3 | 103.00 | 209.00 | 312.00 | NOTE | |
r-patched-linux-x86_64 | 0.9.3 | 10.46 | 164.20 | 174.66 | OK | |
r-release-linux-x86_64 | 0.9.3 | 10.43 | 163.47 | 173.90 | OK | |
r-release-macos-arm64 | 0.9.3 | 58.00 | NOTE | |||
r-release-macos-x86_64 | 0.9.3 | 90.00 | NOTE | |||
r-release-windows-x86_64 | 0.9.3 | 142.00 | 220.00 | 362.00 | NOTE | |
r-oldrel-macos-arm64 | 0.9.3 | 64.00 | NOTE | |||
r-oldrel-macos-x86_64 | 0.9.3 | 76.00 | NOTE | |||
r-oldrel-windows-ix86+x86_64 | 0.9.3 | 27.00 | 207.00 | 234.00 | NOTE |
Version: 0.9.3
Check: installed package size
Result: NOTE
installed size is 5.2Mb
sub-directories of 1Mb or more:
appinformation 4.1Mb
Flavors: r-devel-linux-x86_64-fedora-clang, r-devel-windows-x86_64, r-release-macos-arm64, r-release-macos-x86_64, r-release-windows-x86_64, r-oldrel-macos-arm64, r-oldrel-macos-x86_64, r-oldrel-windows-ix86+x86_64