Last updated on 2025-05-11 12:50:17 CEST.
Flavor | Version | Tinstall | Tcheck | Ttotal | Status | Flags |
---|---|---|---|---|---|---|
r-devel-linux-x86_64-debian-clang | 2.6-2 | 37.92 | 540.28 | 578.20 | OK | |
r-devel-linux-x86_64-debian-gcc | 2.6-2 | 27.56 | 359.64 | 387.20 | OK | |
r-devel-linux-x86_64-fedora-clang | 2.6-2 | 1012.96 | OK | |||
r-devel-linux-x86_64-fedora-gcc | 2.6-2 | 925.35 | OK | |||
r-devel-windows-x86_64 | 2.6-2 | 39.00 | 450.00 | 489.00 | OK | |
r-patched-linux-x86_64 | 2.6-2 | 38.70 | 515.96 | 554.66 | OK | |
r-release-linux-x86_64 | 2.6-2 | 35.01 | 516.48 | 551.49 | OK | |
r-release-macos-arm64 | 2.6-2 | 220.00 | OK | |||
r-release-macos-x86_64 | 2.6-2 | 474.00 | OK | |||
r-release-windows-x86_64 | 2.6-2 | 40.00 | 477.00 | 517.00 | OK | |
r-oldrel-macos-arm64 | 2.6-2 | 205.00 | NOTE | |||
r-oldrel-macos-x86_64 | 2.6-2 | 332.00 | NOTE | |||
r-oldrel-windows-x86_64 | 2.6-2 | 55.00 | 599.00 | 654.00 | NOTE |
Version: 2.6-2
Check: installed package size
Result: NOTE
installed size is 5.7Mb
sub-directories of 1Mb or more:
doc 2.5Mb
Flavors: r-oldrel-macos-arm64, r-oldrel-macos-x86_64, r-oldrel-windows-x86_64