Last updated on 2023-09-23 21:52:44 CEST.
Flavor | Version | Tinstall | Tcheck | Ttotal | Status | Flags |
---|---|---|---|---|---|---|
r-devel-linux-x86_64-debian-clang | 0.3-1 | 4.42 | 183.10 | 187.52 | OK | |
r-devel-linux-x86_64-debian-gcc | 0.3-1 | 3.96 | 145.08 | 149.04 | OK | |
r-devel-linux-x86_64-fedora-clang | 0.3-1 | 224.02 | NOTE | |||
r-devel-linux-x86_64-fedora-gcc | 0.3-1 | 221.14 | NOTE | |||
r-devel-windows-x86_64 | 0.3-1 | 8.00 | 128.00 | 136.00 | OK | |
r-patched-linux-x86_64 | 0.3-1 | 6.45 | 171.24 | 177.69 | OK | |
r-release-linux-x86_64 | 0.3-1 | 3.96 | 178.41 | 182.37 | OK | |
r-release-macos-arm64 | 0.3-1 | 56.00 | OK | |||
r-release-macos-x86_64 | 0.3-1 | 110.00 | OK | |||
r-release-windows-x86_64 | 0.3-1 | 7.00 | 175.00 | 182.00 | OK | |
r-oldrel-macos-arm64 | 0.3-1 | 55.00 | OK | |||
r-oldrel-macos-x86_64 | 0.3-1 | 77.00 | NOTE | |||
r-oldrel-windows-x86_64 | 0.3-1 | 8.00 | 180.00 | 188.00 | OK |
Version: 0.3-1
Check: dependencies in R code
Result: NOTE
Namespace in Imports field not imported from: ‘graphics’
All declared Imports should be used.
Flavors: r-devel-linux-x86_64-fedora-clang, r-devel-linux-x86_64-fedora-gcc, r-oldrel-macos-x86_64