CRAN Package Check Results for Package DNMF

Last updated on 2020-09-24 12:50:39 CEST.

Flavor Version Tinstall Tcheck Ttotal Status Flags
r-devel-linux-x86_64-debian-clang 1.3 7.40 59.04 66.44 NOTE
r-devel-linux-x86_64-debian-gcc 1.3 6.04 46.27 52.31 NOTE
r-devel-linux-x86_64-fedora-clang 1.3 88.81 NOTE
r-devel-linux-x86_64-fedora-gcc 1.3 92.74 NOTE
r-devel-windows-ix86+x86_64 1.3 16.00 86.00 102.00 NOTE
r-patched-linux-x86_64 1.3 6.96 55.80 62.76 NOTE
r-patched-solaris-x86 1.3 126.30 NOTE
r-release-linux-x86_64 1.3 7.52 55.56 63.08 NOTE
r-release-macos-x86_64 1.3 NOTE
r-release-windows-ix86+x86_64 1.3 13.00 96.00 109.00 NOTE
r-oldrel-macos-x86_64 1.3 NOTE
r-oldrel-windows-ix86+x86_64 1.3 9.00 77.00 86.00 NOTE

Check Details

Version: 1.3
Check: R code for possible problems
Result: NOTE
    DNMF: no visible global function definition for 'runif'
    NMFpval: no visible global function definition for 'p.adjust'
    ndNMF: no visible global function definition for 'runif'
    rnk: no visible global function definition for 'write.table'
    Undefined global functions or variables:
     p.adjust runif write.table
    Consider adding
     importFrom("stats", "p.adjust", "runif")
     importFrom("utils", "write.table")
    to your NAMESPACE file.
Flavors: r-devel-linux-x86_64-debian-clang, r-devel-linux-x86_64-debian-gcc, r-devel-linux-x86_64-fedora-clang, r-devel-linux-x86_64-fedora-gcc, r-devel-windows-ix86+x86_64, r-patched-linux-x86_64, r-patched-solaris-x86, r-release-linux-x86_64, r-release-macos-x86_64, r-release-windows-ix86+x86_64, r-oldrel-macos-x86_64, r-oldrel-windows-ix86+x86_64