Last updated on 2024-04-23 05:58:09 CEST.
Flavor | Version | Tinstall | Tcheck | Ttotal | Status | Flags |
---|---|---|---|---|---|---|
r-devel-linux-x86_64-debian-clang | 0.0-1 | 15.72 | 201.10 | 216.82 | NOTE | |
r-devel-linux-x86_64-debian-gcc | 0.0-1 | 9.83 | 141.30 | 151.13 | NOTE | |
r-devel-linux-x86_64-fedora-clang | 0.0-1 | 260.99 | NOTE | |||
r-devel-linux-x86_64-fedora-gcc | 0.0-1 | 246.99 | NOTE | |||
r-prerel-macos-arm64 | 0.0-1 | 63.00 | NOTE | |||
r-prerel-windows-x86_64 | 0.0-1 | 11.00 | 150.00 | 161.00 | NOTE | |
r-patched-linux-x86_64 | 0.0-1 | 9.39 | 187.85 | 197.24 | NOTE | |
r-release-linux-x86_64 | 0.0-1 | 10.90 | 190.48 | 201.38 | OK | |
r-release-macos-arm64 | 0.0-1 | 80.00 | OK | |||
r-release-macos-x86_64 | 0.0-1 | 116.00 | OK | |||
r-release-windows-x86_64 | 0.0-1 | 16.00 | 199.00 | 215.00 | OK | |
r-oldrel-macos-arm64 | 0.0-1 | 57.00 | OK | |||
r-oldrel-windows-x86_64 | 0.0-1 | 17.00 | 190.00 | 207.00 | OK |
Version: 0.0-1
Check: Rd files
Result: NOTE
checkRd: (-1) setCPT.O.Rd:85: Lost braces; missing escapes or markup?
85 | statespace {0,1,2}, which this is *not* checked anywhere. Thus, if
| ^
Flavors: r-devel-linux-x86_64-debian-clang, r-devel-linux-x86_64-debian-gcc, r-devel-linux-x86_64-fedora-clang, r-devel-linux-x86_64-fedora-gcc, r-prerel-macos-arm64, r-prerel-windows-x86_64, r-patched-linux-x86_64