Last updated on 2024-03-28 12:50:32 CET.
Flavor | Version | Tinstall | Tcheck | Ttotal | Status | Flags |
---|---|---|---|---|---|---|
r-devel-linux-x86_64-debian-clang | 1.0.0 | 8.81 | 73.12 | 81.93 | OK | |
r-devel-linux-x86_64-debian-gcc | 1.0.0 | 7.24 | 56.65 | 63.89 | OK | |
r-devel-linux-x86_64-fedora-clang | 1.0.0 | 103.01 | NOTE | |||
r-devel-linux-x86_64-fedora-gcc | 1.0.0 | 98.55 | NOTE | |||
r-devel-windows-x86_64 | 1.0.0 | 7.00 | 67.00 | 74.00 | OK | |
r-patched-linux-x86_64 | 1.0.0 | 7.68 | 72.38 | 80.06 | OK | |
r-release-linux-x86_64 | 1.0.0 | 8.50 | 73.30 | 81.80 | OK | |
r-release-macos-arm64 | 1.0.0 | 35.00 | OK | |||
r-release-macos-x86_64 | 1.0.0 | 56.00 | OK | |||
r-release-windows-x86_64 | 1.0.0 | 10.00 | 84.00 | 94.00 | OK | |
r-oldrel-macos-arm64 | 1.0.0 | 32.00 | NOTE | |||
r-oldrel-windows-x86_64 | 1.0.0 | 11.00 | 87.00 | 98.00 | OK |
Version: 1.0.0
Check: dependencies in R code
Result: NOTE
Namespace in Imports field not imported from: ‘MASS’
All declared Imports should be used.
Flavors: r-devel-linux-x86_64-fedora-clang, r-devel-linux-x86_64-fedora-gcc, r-oldrel-macos-arm64