Last updated on 2024-03-28 12:50:31 CET.
Flavor | Version | Tinstall | Tcheck | Ttotal | Status | Flags |
---|---|---|---|---|---|---|
r-devel-linux-x86_64-debian-clang | 0.4.6 | 14.56 | 296.59 | 311.15 | OK | |
r-devel-linux-x86_64-debian-gcc | 0.4.6 | 9.30 | 215.42 | 224.72 | OK | |
r-devel-linux-x86_64-fedora-clang | 0.4.6 | 390.16 | NOTE | |||
r-devel-linux-x86_64-fedora-gcc | 0.4.6 | 398.77 | OK | |||
r-devel-windows-x86_64 | 0.4.6 | 11.00 | 232.00 | 243.00 | NOTE | |
r-patched-linux-x86_64 | 0.4.6 | 8.42 | 290.29 | 298.71 | OK | |
r-release-linux-x86_64 | 0.4.6 | 7.99 | 293.29 | 301.28 | OK | |
r-release-macos-arm64 | 0.4.6 | 126.00 | NOTE | |||
r-release-macos-x86_64 | 0.4.6 | 170.00 | NOTE | |||
r-release-windows-x86_64 | 0.4.6 | 15.00 | 300.00 | 315.00 | NOTE | |
r-oldrel-macos-arm64 | 0.4.6 | 110.00 | NOTE | |||
r-oldrel-windows-x86_64 | 0.4.6 | 17.00 | 299.00 | 316.00 | NOTE |
Version: 0.4.6
Check: installed package size
Result: NOTE
installed size is 5.5Mb
sub-directories of 1Mb or more:
doc 5.1Mb
Flavors: r-devel-linux-x86_64-fedora-clang, r-devel-windows-x86_64, r-release-macos-arm64, r-release-macos-x86_64, r-release-windows-x86_64, r-oldrel-macos-arm64, r-oldrel-windows-x86_64
Version: 0.4.6
Check: package dependencies
Result: NOTE
Packages suggested but not available for checking: 'spaMM', 'glmmTMB'
Packages which this enhances but not available for checking:
'rstan', 'BayesianTools'
Flavor: r-release-macos-x86_64