CRAN Package Check Results for Package DFBA

Last updated on 2024-06-15 19:54:57 CEST.

Flavor Version Tinstall Tcheck Ttotal Status Flags
r-devel-linux-x86_64-debian-clang 0.1.0 8.92 336.03 344.95 OK
r-devel-linux-x86_64-debian-gcc 0.1.0 7.64 210.70 218.34 OK
r-devel-linux-x86_64-fedora-clang 0.1.0 422.54 OK
r-devel-linux-x86_64-fedora-gcc 0.1.0 427.08 OK
r-devel-windows-x86_64 0.1.0 7.00 269.00 276.00 OK
r-patched-linux-x86_64 0.1.0 10.67 324.35 335.02 OK
r-release-linux-x86_64 0.1.0 9.04 324.65 333.69 OK
r-release-macos-arm64 0.1.0 111.00 OK
r-release-macos-x86_64 0.1.0 171.00 OK
r-release-windows-x86_64 0.1.0 7.00 272.00 279.00 ERROR
r-oldrel-macos-arm64 0.1.0 130.00 OK
r-oldrel-macos-x86_64 0.1.0 363.00 OK
r-oldrel-windows-x86_64 0.1.0 7.00 308.00 315.00 OK

Check Details

Version: 0.1.0
Check: re-building of vignette outputs
Result: ERROR Error(s) in re-building vignettes: --- re-building 'dfba_beta_bayes_factor.Rmd' using rmarkdown --- finished re-building 'dfba_beta_bayes_factor.Rmd' --- re-building 'dfba_beta_contrast.Rmd' using rmarkdown --- finished re-building 'dfba_beta_contrast.Rmd' --- re-building 'dfba_beta_descriptive.Rmd' using rmarkdown --- finished re-building 'dfba_beta_descriptive.Rmd' --- re-building 'dfba_binomial.Rmd' using rmarkdown --- finished re-building 'dfba_binomial.Rmd' --- re-building 'dfba_bivariate_concordance.Rmd' using rmarkdown --- finished re-building 'dfba_bivariate_concordance.Rmd' --- re-building 'dfba_gamma.Rmd' using rmarkdown --- finished re-building 'dfba_gamma.Rmd' --- re-building 'dfba_mann_whitney.Rmd' using rmarkdown --- finished re-building 'dfba_mann_whitney.Rmd' --- re-building 'dfba_mcnemar.Rmd' using rmarkdown --- finished re-building 'dfba_mcnemar.Rmd' --- re-building 'dfba_median_test.Rmd' using rmarkdown --- finished re-building 'dfba_median_test.Rmd' --- re-building 'dfba_power_functions.Rmd' using rmarkdown pandoc.exe: osCommitMemory: VirtualAlloc MEM_COMMIT failed to commit 1048576 bytes of memory (error code: 1455): Die Auslagerungsdatei ist zu klein, um diesen Vorgang durchzuf<fc>hren. Error: processing vignette 'dfba_power_functions.Rmd' failed with diagnostics: pandoc document conversion failed with error 251 --- failed re-building 'dfba_power_functions.Rmd' During startup - Warning message: package "methods" in options("defaultPackages") was not found --- re-building 'dfba_sign_test.Rmd' using rmarkdown Error: processing vignette 'dfba_sign_test.Rmd' failed with diagnostics: 'rho' must be an environment not language: detected in C-level eval --- failed re-building 'dfba_sign_test.Rmd' --- re-building 'dfba_sim_data.Rmd' using rmarkdown Warning in system(paste(shQuote(path), "--version"), intern = TRUE) : running command '"C:/PROGRA~1/Pandoc/pandoc.exe" --version' had status 322 Error: processing vignette 'dfba_sim_data.Rmd' failed with diagnostics: subscript out of bounds --- failed re-building 'dfba_sim_data.Rmd' Fatal error: couldn't allocate node stack Error: memory exhausted Execution halted SUMMARY: processing the following files failed: 'dfba_power_functions.Rmd' 'dfba_sign_test.Rmd' 'dfba_sim_data.Rmd' 'dfba_wilcoxon.Rmd' 'intro.Rmd' Error: Vignette re-building failed. Execution halted Flavor: r-release-windows-x86_64

Version: 0.1.0
Check: PDF version of manual
Result: WARN LaTeX errors when creating PDF version. This typically indicates Rd problems. Flavor: r-release-windows-x86_64