Last updated on 2024-03-29 06:56:24 CET.
Flavor | Version | Tinstall | Tcheck | Ttotal | Status | Flags |
---|---|---|---|---|---|---|
r-devel-linux-x86_64-debian-clang | 0.1.5 | 84.84 | 64.89 | 149.73 | NOTE | |
r-devel-linux-x86_64-debian-gcc | 0.1.5 | 72.95 | 55.57 | 128.52 | NOTE | |
r-devel-linux-x86_64-fedora-clang | 0.1.5 | 190.32 | NOTE | |||
r-devel-linux-x86_64-fedora-gcc | 0.1.5 | 226.50 | NOTE | |||
r-devel-windows-x86_64 | 0.1.5 | 61.00 | 88.00 | 149.00 | NOTE | |
r-patched-linux-x86_64 | 0.1.5 | 91.73 | 70.54 | 162.27 | NOTE | |
r-release-linux-x86_64 | 0.1.5 | 87.08 | 73.60 | 160.68 | NOTE | |
r-release-macos-arm64 | 0.1.5 | 61.00 | NOTE | |||
r-release-macos-x86_64 | 0.1.5 | 92.00 | NOTE | |||
r-release-windows-x86_64 | 0.1.5 | 78.00 | 104.00 | 182.00 | NOTE | |
r-oldrel-macos-arm64 | 0.1.5 | 55.00 | NOTE | |||
r-oldrel-windows-x86_64 | 0.1.5 | 75.00 | 102.00 | 177.00 | OK |
Version: 0.1.5
Check: C++ specification
Result: NOTE
Specified C++11: please drop specification unless essential
Flavors: r-devel-linux-x86_64-debian-clang, r-devel-linux-x86_64-debian-gcc, r-devel-linux-x86_64-fedora-clang, r-devel-linux-x86_64-fedora-gcc, r-devel-windows-x86_64, r-patched-linux-x86_64, r-release-linux-x86_64, r-release-macos-arm64, r-release-macos-x86_64, r-release-windows-x86_64
Version: 0.1.5
Check: installed package size
Result: NOTE
installed size is 24.3Mb
sub-directories of 1Mb or more:
libs 24.2Mb
Flavors: r-release-macos-arm64, r-release-macos-x86_64, r-oldrel-macos-arm64