CRAN Package Check Results for Package DDD

Last updated on 2022-01-25 11:51:05 CET.

Flavor Version Tinstall Tcheck Ttotal Status Flags
r-devel-linux-x86_64-debian-clang 5.0 100.07 136.96 237.03 OK
r-devel-linux-x86_64-debian-gcc 5.0 81.40 112.81 194.21 OK
r-devel-linux-x86_64-fedora-clang 5.0 320.90 NOTE
r-devel-linux-x86_64-fedora-gcc 5.0 303.56 NOTE
r-devel-windows-x86_64-new-UL 5.0 117.00 176.00 293.00 WARN
r-devel-windows-x86_64-new-TK 5.0 NOTE
r-patched-linux-x86_64 5.0 92.87 132.35 225.22 OK
r-release-linux-x86_64 5.0 88.66 131.33 219.99 OK
r-release-macos-arm64 5.0 NOTE
r-release-macos-x86_64 5.0 NOTE
r-release-windows-ix86+x86_64 5.0 229.00 246.00 475.00 WARN
r-oldrel-macos-x86_64 5.0 NOTE
r-oldrel-windows-ix86+x86_64 5.0 228.00 246.00 474.00 WARN

Check Details

Version: 5.0
Check: installed package size
Result: NOTE
     installed size is 7.0Mb
     sub-directories of 1Mb or more:
     libs 6.6Mb
Flavors: r-devel-linux-x86_64-fedora-clang, r-release-macos-arm64, r-release-macos-x86_64, r-oldrel-macos-x86_64

Version: 5.0
Check: dependencies in R code
Result: NOTE
    Namespace in Imports field not imported from: ‘Rcpp’
     All declared Imports should be used.
Flavors: r-devel-linux-x86_64-fedora-clang, r-devel-linux-x86_64-fedora-gcc, r-devel-windows-x86_64-new-TK, r-release-macos-arm64, r-release-macos-x86_64, r-oldrel-macos-x86_64

Version: 5.0
Check: whether package can be installed
Result: WARN
    Found the following significant warnings:
     D:/RCompile/CRANpkg/lib/4.2/BH/include/boost/multiprecision/traits/std_integer_traits.hpp:31:18: warning: ISO C++ does not support '__int128' for 'type name' [-Wpedantic]
     D:/RCompile/CRANpkg/lib/4.2/BH/include/boost/multiprecision/traits/std_integer_traits.hpp:33:27: warning: ISO C++ does not support '__int128' for 'type name' [-Wpedantic]
     D:/RCompile/CRANpkg/lib/4.2/BH/include/boost/multiprecision/traits/std_integer_traits.hpp:35:20: warning: ISO C++ does not support '__int128' for 'type name' [-Wpedantic]
     D:/RCompile/CRANpkg/lib/4.2/BH/include/boost/multiprecision/traits/std_integer_traits.hpp:37:29: warning: ISO C++ does not support '__int128' for 'type name' [-Wpedantic]
     D:/RCompile/CRANpkg/lib/4.2/BH/include/boost/multiprecision/traits/std_integer_traits.hpp:39:20: warning: ISO C++ does not support '__int128' for 'type name' [-Wpedantic]
     D:/RCompile/CRANpkg/lib/4.2/BH/include/boost/multiprecision/traits/std_integer_traits.hpp:41:29: warning: ISO C++ does not support '__int128' for 'type name' [-Wpedantic]
     D:/RCompile/CRANpkg/lib/4.2/BH/include/boost/multiprecision/traits/std_integer_traits.hpp:43:22: warning: ISO C++ does not support '__int128' for 'type name' [-Wpedantic]
     D:/RCompile/CRANpkg/lib/4.2/BH/include/boost/multiprecision/traits/std_integer_traits.hpp:45:31: warning: ISO C++ does not support '__int128' for 'type name' [-Wpedantic]
     D:/RCompile/CRANpkg/lib/4.2/BH/include/boost/multiprecision/traits/std_integer_traits.hpp:47:22: warning: ISO C++ does not support '__int128' for 'type name' [-Wpedantic]
     D:/RCompile/CRANpkg/lib/4.2/BH/include/boost/multiprecision/traits/std_integer_traits.hpp:49:26: warning: ISO C++ does not support '__int128' for 'type name' [-Wpedantic]
     D:/RCompile/CRANpkg/lib/4.2/BH/include/boost/multiprecision/traits/std_integer_traits.hpp:52:31: warning: ISO C++ does not support '__int128' for 'type name' [-Wpedantic]
     D:/RCompile/CRANpkg/lib/4.2/BH/include/boost/multiprecision/traits/std_integer_traits.hpp:54:26: warning: ISO C++ does not support '__int128' for 'type name' [-Wpedantic]
     D:/RCompile/CRANpkg/lib/4.2/BH/include/boost/multiprecision/traits/std_integer_traits.hpp:57:20: warning: ISO C++ does not support '__int128' for 'type name' [-Wpedantic]
     D:/RCompile/CRANpkg/lib/4.2/BH/include/boost/multiprecision/traits/std_integer_traits.hpp:59:17: warning: ISO C++ does not support '__int128' for 'type name' [-Wpedantic]
     D:/RCompile/CRANpkg/lib/4.2/BH/include/boost/multiprecision/traits/std_integer_traits.hpp:62:29: warning: ISO C++ does not support '__int128' for 'type name' [-Wpedantic]
     D:/RCompile/CRANpkg/lib/4.2/BH/include/boost/multiprecision/traits/std_integer_traits.hpp:64:17: warning: ISO C++ does not support '__int128' for 'type name' [-Wpedantic]
     D:/RCompile/CRANpkg/lib/4.2/BH/include/boost/multiprecision/detail/default_ops.hpp:1652:16: warning: ISO C++ does not support '__int128' for 'a' [-Wpedantic]
     D:/RCompile/CRANpkg/lib/4.2/BH/include/boost/multiprecision/detail/default_ops.hpp:1652:16: warning: ISO C++ does not support '__int128' for 'b' [-Wpedantic]
     D:/RCompile/CRANpkg/lib/4.2/BH/include/boost/multiprecision/detail/default_ops.hpp:1652:16: warning: ISO C++ does not support '__int128' for 'c' [-Wpedantic]
     D:/RCompile/CRANpkg/lib/4.2/BH/include/boost/multiprecision/detail/hash.hpp:23:39: warning: ISO C++ does not support '__int128' for 'val' [-Wpedantic]
     D:/RCompile/CRANpkg/lib/4.2/BH/include/boost/multiprecision/detail/hash.hpp:25:37: warning: ISO C++ does not support '__int128' for 'val' [-Wpedantic]
     D:/RCompile/CRANpkg/lib/4.2/BH/include/boost/multiprecision/detail/hash.hpp:27:43: warning: ISO C++ does not support '__int128' for 'type name' [-Wpedantic]
     D:/RCompile/CRANpkg/lib/4.2/BH/include/boost/multiprecision/detail/hash.hpp:44:46: warning: ISO C++ does not support '__int128' for 'val' [-Wpedantic]
     D:/RCompile/CRANpkg/lib/4.2/BH/include/boost/multiprecision/integer.hpp:214:71: warning: ISO C++ does not support '__int128' for 'type name' [-Wpedantic]
Flavor: r-devel-windows-x86_64-new-UL

Version: 5.0
Check: whether package can be installed
Result: WARN
    Found the following significant warnings:
     d:/RCompile/CRANpkg/lib/4.1/BH/include/boost/multiprecision/traits/std_integer_traits.hpp:31:18: warning: ISO C++ does not support '__int128' for 'type name' [-Wpedantic]
     d:/RCompile/CRANpkg/lib/4.1/BH/include/boost/multiprecision/traits/std_integer_traits.hpp:33:27: warning: ISO C++ does not support '__int128' for 'type name' [-Wpedantic]
     d:/RCompile/CRANpkg/lib/4.1/BH/include/boost/multiprecision/traits/std_integer_traits.hpp:35:20: warning: ISO C++ does not support '__int128' for 'type name' [-Wpedantic]
     d:/RCompile/CRANpkg/lib/4.1/BH/include/boost/multiprecision/traits/std_integer_traits.hpp:37:29: warning: ISO C++ does not support '__int128' for 'type name' [-Wpedantic]
     d:/RCompile/CRANpkg/lib/4.1/BH/include/boost/multiprecision/traits/std_integer_traits.hpp:39:20: warning: ISO C++ does not support '__int128' for 'type name' [-Wpedantic]
     d:/RCompile/CRANpkg/lib/4.1/BH/include/boost/multiprecision/traits/std_integer_traits.hpp:41:29: warning: ISO C++ does not support '__int128' for 'type name' [-Wpedantic]
     d:/RCompile/CRANpkg/lib/4.1/BH/include/boost/multiprecision/traits/std_integer_traits.hpp:43:22: warning: ISO C++ does not support '__int128' for 'type name' [-Wpedantic]
     d:/RCompile/CRANpkg/lib/4.1/BH/include/boost/multiprecision/traits/std_integer_traits.hpp:45:31: warning: ISO C++ does not support '__int128' for 'type name' [-Wpedantic]
     d:/RCompile/CRANpkg/lib/4.1/BH/include/boost/multiprecision/traits/std_integer_traits.hpp:47:22: warning: ISO C++ does not support '__int128' for 'type name' [-Wpedantic]
     d:/RCompile/CRANpkg/lib/4.1/BH/include/boost/multiprecision/traits/std_integer_traits.hpp:49:26: warning: ISO C++ does not support '__int128' for 'type name' [-Wpedantic]
     d:/RCompile/CRANpkg/lib/4.1/BH/include/boost/multiprecision/traits/std_integer_traits.hpp:52:31: warning: ISO C++ does not support '__int128' for 'type name' [-Wpedantic]
     d:/RCompile/CRANpkg/lib/4.1/BH/include/boost/multiprecision/traits/std_integer_traits.hpp:54:26: warning: ISO C++ does not support '__int128' for 'type name' [-Wpedantic]
     d:/RCompile/CRANpkg/lib/4.1/BH/include/boost/multiprecision/traits/std_integer_traits.hpp:57:20: warning: ISO C++ does not support '__int128' for 'type name' [-Wpedantic]
     d:/RCompile/CRANpkg/lib/4.1/BH/include/boost/multiprecision/traits/std_integer_traits.hpp:59:17: warning: ISO C++ does not support '__int128' for 'type name' [-Wpedantic]
     d:/RCompile/CRANpkg/lib/4.1/BH/include/boost/multiprecision/traits/std_integer_traits.hpp:62:29: warning: ISO C++ does not support '__int128' for 'type name' [-Wpedantic]
     d:/RCompile/CRANpkg/lib/4.1/BH/include/boost/multiprecision/traits/std_integer_traits.hpp:64:17: warning: ISO C++ does not support '__int128' for 'type name' [-Wpedantic]
     d:/RCompile/CRANpkg/lib/4.1/BH/include/boost/multiprecision/detail/default_ops.hpp:1652:25: warning: ISO C++ does not support '__int128' for 'a' [-Wpedantic]
     d:/RCompile/CRANpkg/lib/4.1/BH/include/boost/multiprecision/detail/default_ops.hpp:1652:30: warning: ISO C++ does not support '__int128' for 'b' [-Wpedantic]
     d:/RCompile/CRANpkg/lib/4.1/BH/include/boost/multiprecision/detail/default_ops.hpp:1652:35: warning: ISO C++ does not support '__int128' for 'c' [-Wpedantic]
     d:/RCompile/CRANpkg/lib/4.1/BH/include/boost/multiprecision/detail/hash.hpp:23:49: warning: ISO C++ does not support '__int128' for 'val' [-Wpedantic]
     d:/RCompile/CRANpkg/lib/4.1/BH/include/boost/multiprecision/detail/hash.hpp:25:47: warning: ISO C++ does not support '__int128' for 'val' [-Wpedantic]
     d:/RCompile/CRANpkg/lib/4.1/BH/include/boost/multiprecision/detail/hash.hpp:27:43: warning: ISO C++ does not support '__int128' for 'type name' [-Wpedantic]
     d:/RCompile/CRANpkg/lib/4.1/BH/include/boost/multiprecision/detail/hash.hpp:44:56: warning: ISO C++ does not support '__int128' for 'val' [-Wpedantic]
     d:/RCompile/CRANpkg/lib/4.1/BH/include/boost/multiprecision/integer.hpp:214:71: warning: ISO C++ does not support '__int128' for 'type name' [-Wpedantic]
Flavor: r-release-windows-ix86+x86_64

Version: 5.0
Check: whether package can be installed
Result: WARN
    Found the following significant warnings:
     d:/RCompile/CRANpkg/lib/4.0/BH/include/boost/multiprecision/traits/std_integer_traits.hpp:31:18: warning: ISO C++ does not support '__int128' for 'type name' [-Wpedantic]
     d:/RCompile/CRANpkg/lib/4.0/BH/include/boost/multiprecision/traits/std_integer_traits.hpp:33:27: warning: ISO C++ does not support '__int128' for 'type name' [-Wpedantic]
     d:/RCompile/CRANpkg/lib/4.0/BH/include/boost/multiprecision/traits/std_integer_traits.hpp:35:20: warning: ISO C++ does not support '__int128' for 'type name' [-Wpedantic]
     d:/RCompile/CRANpkg/lib/4.0/BH/include/boost/multiprecision/traits/std_integer_traits.hpp:37:29: warning: ISO C++ does not support '__int128' for 'type name' [-Wpedantic]
     d:/RCompile/CRANpkg/lib/4.0/BH/include/boost/multiprecision/traits/std_integer_traits.hpp:39:20: warning: ISO C++ does not support '__int128' for 'type name' [-Wpedantic]
     d:/RCompile/CRANpkg/lib/4.0/BH/include/boost/multiprecision/traits/std_integer_traits.hpp:41:29: warning: ISO C++ does not support '__int128' for 'type name' [-Wpedantic]
     d:/RCompile/CRANpkg/lib/4.0/BH/include/boost/multiprecision/traits/std_integer_traits.hpp:43:22: warning: ISO C++ does not support '__int128' for 'type name' [-Wpedantic]
     d:/RCompile/CRANpkg/lib/4.0/BH/include/boost/multiprecision/traits/std_integer_traits.hpp:45:31: warning: ISO C++ does not support '__int128' for 'type name' [-Wpedantic]
     d:/RCompile/CRANpkg/lib/4.0/BH/include/boost/multiprecision/traits/std_integer_traits.hpp:47:22: warning: ISO C++ does not support '__int128' for 'type name' [-Wpedantic]
     d:/RCompile/CRANpkg/lib/4.0/BH/include/boost/multiprecision/traits/std_integer_traits.hpp:49:26: warning: ISO C++ does not support '__int128' for 'type name' [-Wpedantic]
     d:/RCompile/CRANpkg/lib/4.0/BH/include/boost/multiprecision/traits/std_integer_traits.hpp:52:31: warning: ISO C++ does not support '__int128' for 'type name' [-Wpedantic]
     d:/RCompile/CRANpkg/lib/4.0/BH/include/boost/multiprecision/traits/std_integer_traits.hpp:54:26: warning: ISO C++ does not support '__int128' for 'type name' [-Wpedantic]
     d:/RCompile/CRANpkg/lib/4.0/BH/include/boost/multiprecision/traits/std_integer_traits.hpp:57:20: warning: ISO C++ does not support '__int128' for 'type name' [-Wpedantic]
     d:/RCompile/CRANpkg/lib/4.0/BH/include/boost/multiprecision/traits/std_integer_traits.hpp:59:17: warning: ISO C++ does not support '__int128' for 'type name' [-Wpedantic]
     d:/RCompile/CRANpkg/lib/4.0/BH/include/boost/multiprecision/traits/std_integer_traits.hpp:62:29: warning: ISO C++ does not support '__int128' for 'type name' [-Wpedantic]
     d:/RCompile/CRANpkg/lib/4.0/BH/include/boost/multiprecision/traits/std_integer_traits.hpp:64:17: warning: ISO C++ does not support '__int128' for 'type name' [-Wpedantic]
     d:/RCompile/CRANpkg/lib/4.0/BH/include/boost/multiprecision/detail/default_ops.hpp:1652:25: warning: ISO C++ does not support '__int128' for 'a' [-Wpedantic]
     d:/RCompile/CRANpkg/lib/4.0/BH/include/boost/multiprecision/detail/default_ops.hpp:1652:30: warning: ISO C++ does not support '__int128' for 'b' [-Wpedantic]
     d:/RCompile/CRANpkg/lib/4.0/BH/include/boost/multiprecision/detail/default_ops.hpp:1652:35: warning: ISO C++ does not support '__int128' for 'c' [-Wpedantic]
     d:/RCompile/CRANpkg/lib/4.0/BH/include/boost/multiprecision/detail/hash.hpp:23:49: warning: ISO C++ does not support '__int128' for 'val' [-Wpedantic]
     d:/RCompile/CRANpkg/lib/4.0/BH/include/boost/multiprecision/detail/hash.hpp:25:47: warning: ISO C++ does not support '__int128' for 'val' [-Wpedantic]
     d:/RCompile/CRANpkg/lib/4.0/BH/include/boost/multiprecision/detail/hash.hpp:27:43: warning: ISO C++ does not support '__int128' for 'type name' [-Wpedantic]
     d:/RCompile/CRANpkg/lib/4.0/BH/include/boost/multiprecision/detail/hash.hpp:44:56: warning: ISO C++ does not support '__int128' for 'val' [-Wpedantic]
     d:/RCompile/CRANpkg/lib/4.0/BH/include/boost/multiprecision/integer.hpp:214:71: warning: ISO C++ does not support '__int128' for 'type name' [-Wpedantic]
Flavor: r-oldrel-windows-ix86+x86_64