Last updated on 2024-03-28 12:50:31 CET.
Flavor | Version | Tinstall | Tcheck | Ttotal | Status | Flags |
---|---|---|---|---|---|---|
r-devel-linux-x86_64-debian-clang | 1.1.0 | 11.94 | 110.80 | 122.74 | OK | |
r-devel-linux-x86_64-debian-gcc | 1.1.0 | 10.99 | 83.18 | 94.17 | OK | |
r-devel-linux-x86_64-fedora-clang | 1.1.0 | 170.25 | NOTE | |||
r-devel-linux-x86_64-fedora-gcc | 1.1.0 | 175.64 | NOTE | |||
r-devel-windows-x86_64 | 1.1.0 | 11.00 | 93.00 | 104.00 | OK | |
r-patched-linux-x86_64 | 1.1.0 | 14.70 | 105.86 | 120.56 | OK | |
r-release-linux-x86_64 | 1.1.0 | 11.93 | 105.92 | 117.85 | OK | |
r-release-macos-arm64 | 1.1.0 | 54.00 | OK | |||
r-release-macos-x86_64 | 1.1.0 | 157.00 | OK | |||
r-release-windows-x86_64 | 1.1.0 | 17.00 | 112.00 | 129.00 | OK | |
r-oldrel-macos-arm64 | 1.1.0 | 49.00 | OK | |||
r-oldrel-windows-x86_64 | 1.1.0 | 17.00 | 116.00 | 133.00 | OK |
Version: 1.1.0
Check: dependencies in R code
Result: NOTE
Namespace in Imports field not imported from: ‘knitr’
All declared Imports should be used.
Flavors: r-devel-linux-x86_64-fedora-clang, r-devel-linux-x86_64-fedora-gcc