CRAN Package Check Results for Package DCEM

Last updated on 2023-03-30 21:49:50 CEST.

Flavor Version Tinstall Tcheck Ttotal Status Flags
r-devel-linux-x86_64-debian-clang 2.0.5 20.15 40.79 60.94 NOTE
r-devel-linux-x86_64-debian-gcc 2.0.5 15.66 31.25 46.91 NOTE
r-devel-linux-x86_64-fedora-clang 2.0.5 84.53 NOTE
r-devel-linux-x86_64-fedora-gcc 2.0.5 88.15 NOTE
r-devel-windows-x86_64 2.0.5 36.00 101.00 137.00 NOTE
r-patched-linux-x86_64 2.0.5 17.50 39.10 56.60 NOTE
r-release-linux-x86_64 2.0.5 16.72 39.36 56.08 OK
r-release-macos-arm64 2.0.5 26.00 OK
r-release-macos-x86_64 2.0.5 35.00 OK
r-release-windows-x86_64 2.0.5 40.00 102.00 142.00 OK
r-oldrel-macos-arm64 2.0.5 41.00 OK
r-oldrel-macos-x86_64 2.0.5 66.00 OK
r-oldrel-windows-ix86+x86_64 2.0.5 49.00 92.00 141.00 OK

Check Details

Version: 2.0.5
Check: package subdirectories
Result: NOTE
    Problems with news in ‘NEWS.md’:
    No news entries found.
Flavors: r-devel-linux-x86_64-debian-clang, r-devel-linux-x86_64-debian-gcc, r-devel-linux-x86_64-fedora-clang, r-devel-linux-x86_64-fedora-gcc, r-devel-windows-x86_64, r-patched-linux-x86_64