Last updated on 2024-04-24 21:54:43 CEST.
Flavor | Version | Tinstall | Tcheck | Ttotal | Status | Flags |
---|---|---|---|---|---|---|
r-devel-linux-x86_64-debian-clang | 2.0.5 | 22.95 | 42.96 | 65.91 | NOTE | |
r-devel-linux-x86_64-debian-gcc | 2.0.5 | 16.65 | 32.36 | 49.01 | NOTE | |
r-devel-linux-x86_64-fedora-clang | 2.0.5 | 91.02 | NOTE | |||
r-devel-linux-x86_64-fedora-gcc | 2.0.5 | 98.28 | NOTE | |||
r-devel-windows-x86_64 | 2.0.5 | 18.00 | 77.00 | 95.00 | NOTE | |
r-patched-linux-x86_64 | 2.0.5 | 22.06 | 42.44 | 64.50 | NOTE | |
r-release-linux-x86_64 | 2.0.5 | 20.46 | 40.40 | 60.86 | NOTE | |
r-release-macos-arm64 | 2.0.5 | 33.00 | NOTE | |||
r-release-windows-x86_64 | 2.0.5 | 18.00 | 78.00 | 96.00 | NOTE | |
r-oldrel-macos-arm64 | 2.0.5 | 27.00 | OK | |||
r-oldrel-macos-x86_64 | 2.0.5 | 50.00 | NOTE | |||
r-oldrel-windows-x86_64 | 2.0.5 | 21.00 | 87.00 | 108.00 | NOTE |
Version: 2.0.5
Check: package subdirectories
Result: NOTE
Problems with news in ‘NEWS.md’:
No news entries found.
Flavors: r-devel-linux-x86_64-debian-clang, r-devel-linux-x86_64-debian-gcc, r-devel-linux-x86_64-fedora-clang, r-devel-linux-x86_64-fedora-gcc, r-devel-windows-x86_64, r-patched-linux-x86_64, r-release-linux-x86_64, r-release-macos-arm64, r-release-windows-x86_64, r-oldrel-macos-x86_64, r-oldrel-windows-x86_64