CRAN Package Check Results for Package DBR

Last updated on 2025-04-29 12:52:33 CEST.

Flavor Version Tinstall Tcheck Ttotal Status Flags
r-devel-linux-x86_64-debian-clang 1.4.1 2.63 63.36 65.99 NOTE
r-devel-linux-x86_64-debian-gcc 1.4.1 1.98 48.66 50.64 OK
r-devel-linux-x86_64-fedora-clang 1.4.1 118.63 OK
r-devel-linux-x86_64-fedora-gcc 1.4.1 133.51 OK
r-devel-windows-x86_64 1.4.1 4.00 120.00 124.00 OK
r-patched-linux-x86_64 1.4.1 2.40 60.68 63.08 OK
r-release-linux-x86_64 1.4.1 2.46 60.63 63.09 OK
r-release-macos-arm64 1.4.1 52.00 OK
r-release-macos-x86_64 1.4.1 88.00 OK
r-release-windows-x86_64 1.4.1 4.00 123.00 127.00 OK
r-oldrel-macos-arm64 1.4.1 43.00 OK
r-oldrel-macos-x86_64 1.4.1 66.00 OK
r-oldrel-windows-x86_64 1.4.1 4.00 127.00 131.00 OK

Check Details

Version: 1.4.1
Check: examples
Result: NOTE Examples with CPU (user + system) or elapsed time > 5s user system elapsed dbr 3.985 0.028 5.028 Flavor: r-devel-linux-x86_64-debian-clang