CRAN Package Check Results for Package DAP

Last updated on 2024-04-15 11:56:19 CEST.

Flavor Version Tinstall Tcheck Ttotal Status Flags
r-devel-linux-x86_64-debian-clang 1.0 3.10 25.51 28.61 NOTE
r-devel-linux-x86_64-debian-gcc 1.0 2.25 19.33 21.58 NOTE
r-devel-linux-x86_64-fedora-clang 1.0 36.20 NOTE
r-devel-linux-x86_64-fedora-gcc 1.0 34.11 NOTE
r-prerel-macos-arm64 1.0 16.00 NOTE
r-prerel-windows-x86_64 1.0 5.00 43.00 48.00 NOTE
r-patched-linux-x86_64 1.0 3.31 24.51 27.82 NOTE
r-release-linux-x86_64 1.0 2.69 24.46 27.15 NOTE
r-release-macos-arm64 1.0 17.00 NOTE
r-release-macos-x86_64 1.0 22.00 NOTE
r-release-windows-x86_64 1.0 6.00 43.00 49.00 NOTE
r-oldrel-macos-arm64 1.0 18.00 NOTE
r-oldrel-windows-x86_64 1.0 7.00 45.00 52.00 NOTE

Check Details

Version: 1.0
Check: Rd metadata
Result: NOTE Invalid package aliases in Rd file 'dap-package.Rd': ‘dap-package’ Flavors: r-devel-linux-x86_64-debian-clang, r-devel-linux-x86_64-debian-gcc, r-devel-linux-x86_64-fedora-clang, r-devel-linux-x86_64-fedora-gcc, r-prerel-macos-arm64, r-prerel-windows-x86_64, r-patched-linux-x86_64

Version: 1.0
Check: LazyData
Result: NOTE 'LazyData' is specified without a 'data' directory Flavors: r-devel-linux-x86_64-debian-clang, r-devel-linux-x86_64-debian-gcc, r-devel-linux-x86_64-fedora-clang, r-devel-linux-x86_64-fedora-gcc, r-prerel-macos-arm64, r-prerel-windows-x86_64, r-patched-linux-x86_64, r-release-linux-x86_64, r-release-macos-arm64, r-release-macos-x86_64, r-release-windows-x86_64, r-oldrel-macos-arm64, r-oldrel-windows-x86_64