CRAN Package Check Results for Package DAP

Last updated on 2023-03-31 21:53:00 CEST.

Flavor Version Tinstall Tcheck Ttotal Status Flags
r-devel-linux-x86_64-debian-clang 1.0 3.07 24.27 27.34 NOTE
r-devel-linux-x86_64-debian-gcc 1.0 2.28 19.36 21.64 NOTE
r-devel-linux-x86_64-fedora-clang 1.0 35.13 NOTE
r-devel-linux-x86_64-fedora-gcc 1.0 33.41 NOTE
r-devel-windows-x86_64 1.0 14.00 0.00 14.00 NOTE
r-patched-linux-x86_64 1.0 3.05 23.71 26.76 NOTE
r-release-linux-x86_64 1.0 2.80 24.67 27.47 NOTE
r-release-macos-arm64 1.0 16.00 NOTE
r-release-macos-x86_64 1.0 23.00 NOTE
r-release-windows-x86_64 1.0 11.00 57.00 68.00 NOTE
r-oldrel-macos-arm64 1.0 17.00 NOTE
r-oldrel-macos-x86_64 1.0 29.00 NOTE
r-oldrel-windows-ix86+x86_64 1.0 9.00 58.00 67.00 NOTE

Check Details

Version: 1.0
Check: LazyData
Result: NOTE
     'LazyData' is specified without a 'data' directory
Flavors: r-devel-linux-x86_64-debian-clang, r-devel-linux-x86_64-debian-gcc, r-devel-linux-x86_64-fedora-clang, r-devel-linux-x86_64-fedora-gcc, r-devel-windows-x86_64, r-patched-linux-x86_64, r-release-linux-x86_64, r-release-macos-arm64, r-release-macos-x86_64, r-release-windows-x86_64, r-oldrel-macos-arm64, r-oldrel-macos-x86_64, r-oldrel-windows-ix86+x86_64