CRAN Package Check Results for Package DAMOCLES

Last updated on 2020-02-29 06:48:16 CET.

Flavor Version Tinstall Tcheck Ttotal Status Flags
r-devel-linux-x86_64-debian-clang 2.2 5.93 90.20 96.13 OK
r-devel-linux-x86_64-debian-gcc 2.2 5.04 77.51 82.55 OK
r-devel-linux-x86_64-fedora-clang 2.2 111.38 NOTE
r-devel-linux-x86_64-fedora-gcc 2.2 112.87 NOTE
r-devel-windows-ix86+x86_64 2.2 19.00 118.00 137.00 OK
r-devel-windows-ix86+x86_64-gcc8 2.2 13.00 94.00 107.00 OK
r-patched-linux-x86_64 2.2 4.54 78.64 83.18 OK
r-patched-solaris-x86 2.2 135.90 NOTE
r-release-linux-x86_64 2.2 4.35 79.65 84.00 OK
r-release-windows-ix86+x86_64 2.2 7.00 112.00 119.00 OK
r-release-osx-x86_64 2.2 NOTE
r-oldrel-windows-ix86+x86_64 2.2 6.00 102.00 108.00 OK
r-oldrel-osx-x86_64 2.2 NOTE

Check Details

Version: 2.2
Check: dependencies in R code
Result: NOTE
    Namespace in Imports field not imported from: ‘expm’
     All declared Imports should be used.
Flavors: r-devel-linux-x86_64-fedora-clang, r-devel-linux-x86_64-fedora-gcc, r-patched-solaris-x86, r-release-osx-x86_64, r-oldrel-osx-x86_64