Last updated on 2024-04-24 06:19:11 CEST.
Flavor | Version | Tinstall | Tcheck | Ttotal | Status | Flags |
---|---|---|---|---|---|---|
r-devel-linux-x86_64-debian-clang | 1.2.0 | 23.14 | 180.94 | 204.08 | OK | |
r-devel-linux-x86_64-debian-gcc | 1.2.0 | 14.58 | 135.08 | 149.66 | OK | |
r-devel-linux-x86_64-fedora-clang | 1.2.0 | 252.43 | NOTE | |||
r-devel-linux-x86_64-fedora-gcc | 1.2.0 | 271.95 | OK | |||
r-prerel-macos-arm64 | 1.2.0 | 73.00 | NOTE | |||
r-prerel-windows-x86_64 | 1.2.0 | 17.00 | 137.00 | 154.00 | NOTE | |
r-patched-linux-x86_64 | 1.2.0 | 12.02 | 172.67 | 184.69 | OK | |
r-release-linux-x86_64 | 1.2.0 | 15.84 | 176.76 | 192.60 | OK | |
r-release-macos-arm64 | 1.2.0 | 84.00 | NOTE | |||
r-release-macos-x86_64 | 1.2.0 | 137.00 | NOTE | |||
r-release-windows-x86_64 | 1.2.0 | 23.00 | 170.00 | 193.00 | NOTE | |
r-oldrel-macos-arm64 | 1.2.0 | 69.00 | NOTE | |||
r-oldrel-windows-x86_64 | 1.2.0 | 23.00 | 180.00 | 203.00 | NOTE |
Version: 1.2.0
Check: installed package size
Result: NOTE
installed size is 5.2Mb
sub-directories of 1Mb or more:
doc 4.4Mb
Flavors: r-devel-linux-x86_64-fedora-clang, r-prerel-macos-arm64, r-prerel-windows-x86_64, r-release-macos-arm64, r-release-macos-x86_64, r-release-windows-x86_64, r-oldrel-macos-arm64, r-oldrel-windows-x86_64