Last updated on 2023-12-08 12:52:14 CET.
Flavor | Version | Tinstall | Tcheck | Ttotal | Status | Flags |
---|---|---|---|---|---|---|
r-devel-linux-x86_64-debian-clang | 2.1.14 | 4.91 | 68.30 | 73.21 | NOTE | |
r-devel-linux-x86_64-debian-gcc | 2.1.14 | 3.85 | 51.32 | 55.17 | NOTE | |
r-devel-linux-x86_64-fedora-clang | 2.1.14 | 88.81 | OK | |||
r-devel-linux-x86_64-fedora-gcc | 2.1.14 | 113.70 | OK | |||
r-devel-windows-x86_64 | 2.1.14 | 7.00 | 93.00 | 100.00 | OK | |
r-patched-linux-x86_64 | 2.1.14 | 6.64 | 65.00 | 71.64 | OK | |
r-release-linux-x86_64 | 2.1.14 | 5.06 | 65.03 | 70.09 | OK | |
r-release-macos-arm64 | 2.1.14 | 49.00 | OK | |||
r-release-macos-x86_64 | 2.1.14 | 90.00 | OK | |||
r-release-windows-x86_64 | 2.1.14 | 8.00 | 105.00 | 113.00 | OK | |
r-oldrel-macos-arm64 | 2.1.14 | 78.00 | OK | |||
r-oldrel-macos-x86_64 | 2.1.14 | 67.00 | OK | |||
r-oldrel-windows-x86_64 | 2.1.14 | 8.00 | 94.00 | 102.00 | OK |
Version: 2.1.14
Check: Rd files
Result: NOTE
checkRd: (-1) D4TAlinkTask.Rd:13: Lost braces in \itemize; meant \describe ?
checkRd: (-1) D4TAlinkTask.Rd:14: Lost braces in \itemize; meant \describe ?
checkRd: (-1) D4TAlinkTask.Rd:15: Lost braces in \itemize; meant \describe ?
checkRd: (-1) D4TAlinkTask.Rd:16: Lost braces in \itemize; meant \describe ?
checkRd: (-1) D4TAlinkTask.Rd:17: Lost braces in \itemize; meant \describe ?
checkRd: (-1) D4TAlinkTask.Rd:18: Lost braces in \itemize; meant \describe ?
checkRd: (-1) D4TAlinkTask.Rd:19-20: Lost braces in \itemize; meant \describe ?
checkRd: (-1) D4TAlinkTask.Rd:21-22: Lost braces in \itemize; meant \describe ?
checkRd: (-1) D4TAlinkTask.Rd:23-24: Lost braces in \itemize; meant \describe ?
checkRd: (-1) D4TAlinkTask.Rd:25-26: Lost braces in \itemize; meant \describe ?
Flavors: r-devel-linux-x86_64-debian-clang, r-devel-linux-x86_64-debian-gcc