CRAN Package Check Results for Package Cubist

Last updated on 2020-07-15 06:47:58 CEST.

Flavor Version Tinstall Tcheck Ttotal Status Flags
r-devel-linux-x86_64-debian-clang 0.2.3 12.36 93.79 106.15 OK
r-devel-linux-x86_64-debian-gcc 0.2.3 9.59 70.64 80.23 OK
r-devel-linux-x86_64-fedora-clang 0.2.3 144.51 OK
r-devel-linux-x86_64-fedora-gcc 0.2.3 138.21 OK
r-devel-windows-ix86+x86_64 0.2.3 63.00 155.00 218.00 OK
r-patched-linux-x86_64 0.2.3 12.09 93.37 105.46 OK
r-patched-solaris-x86 0.2.3 184.60 OK
r-release-linux-x86_64 0.2.3 11.53 95.25 106.78 OK
r-release-macos-x86_64 0.2.3 ERROR
r-release-windows-ix86+x86_64 0.2.3 59.00 152.00 211.00 OK
r-oldrel-macos-x86_64 0.2.3 OK
r-oldrel-windows-ix86+x86_64 0.2.3 61.00 165.00 226.00 OK

Check Details

Version: 0.2.3
Check: whether package can be installed
Result: ERROR
    Installation failed.
Flavor: r-release-macos-x86_64