Last updated on 2024-04-19 06:03:11 CEST.
Flavor | Version | Tinstall | Tcheck | Ttotal | Status | Flags |
---|---|---|---|---|---|---|
r-devel-linux-x86_64-debian-clang | 1.2.7 | 8.94 | 110.47 | 119.41 | OK | |
r-devel-linux-x86_64-debian-gcc | 1.2.7 | OK | ||||
r-devel-linux-x86_64-fedora-clang | 1.2.7 | 153.33 | NOTE | |||
r-devel-linux-x86_64-fedora-gcc | 1.2.7 | 165.06 | OK | |||
r-prerel-macos-arm64 | 1.2.7 | 49.00 | OK | |||
r-prerel-windows-x86_64 | 1.2.7 | 12.00 | 123.00 | 135.00 | OK | |
r-patched-linux-x86_64 | 1.2.7 | 8.12 | 105.18 | 113.30 | OK | |
r-release-linux-x86_64 | 1.2.7 | 9.73 | 103.96 | 113.69 | OK | |
r-release-macos-arm64 | 1.2.7 | 52.00 | OK | |||
r-release-macos-x86_64 | 1.2.7 | 83.00 | OK | |||
r-release-windows-x86_64 | 1.2.7 | 13.00 | 134.00 | 147.00 | OK | |
r-oldrel-macos-arm64 | 1.2.7 | 44.00 | OK | |||
r-oldrel-windows-x86_64 | 1.2.7 | 14.00 | 139.00 | 153.00 | OK |
Version: 1.2.7
Check: Rd cross-references
Result: NOTE
Undeclared package ‘copula’ in Rd xrefs
Flavor: r-devel-linux-x86_64-fedora-clang