Last updated on 2024-03-28 12:50:30 CET.
Flavor | Version | Tinstall | Tcheck | Ttotal | Status | Flags |
---|---|---|---|---|---|---|
r-devel-linux-x86_64-debian-clang | 1.6.1 | 10.25 | 118.51 | 128.76 | NOTE | |
r-devel-linux-x86_64-debian-gcc | 1.6.1 | 7.22 | 94.81 | 102.03 | NOTE | |
r-devel-linux-x86_64-fedora-clang | 1.6.1 | 155.56 | NOTE | |||
r-devel-linux-x86_64-fedora-gcc | 1.6.1 | 171.72 | NOTE | |||
r-devel-windows-x86_64 | 1.6.1 | 11.00 | 152.00 | 163.00 | NOTE | |
r-patched-linux-x86_64 | 1.6.1 | 6.23 | 123.41 | 129.64 | NOTE | |
r-release-linux-x86_64 | 1.6.1 | 5.34 | 122.43 | 127.77 | OK | |
r-release-macos-arm64 | 1.6.1 | 66.00 | OK | |||
r-release-macos-x86_64 | 1.6.1 | 145.00 | OK | |||
r-release-windows-x86_64 | 1.6.1 | 13.00 | 174.00 | 187.00 | OK | |
r-oldrel-macos-arm64 | 1.6.1 | 62.00 | OK | |||
r-oldrel-windows-x86_64 | 1.6.1 | 12.00 | 178.00 | 190.00 | OK |
Version: 1.6.1
Check: Rd files
Result: NOTE
checkRd: (-1) jointprobs.Rd:14: Lost braces in \itemize; meant \describe ?
checkRd: (-1) jointprobs.Rd:15: Lost braces in \itemize; meant \describe ?
checkRd: (-1) jointprobs.Rd:16: Lost braces in \itemize; meant \describe ?
checkRd: (-1) jointprobs.Rd:21: Lost braces; missing escapes or markup?
21 | \eqn{K+1} categories the arrays will have either \eqn{K+1} or {K} dimensions, depending on whether
| ^
checkRd: (-1) multinom.gen.Rd:46: Lost braces
46 | For a \emph{K}-variate multinomial, the matrix{m} should have \emph{K-1} columns
| ^
Flavors: r-devel-linux-x86_64-debian-clang, r-devel-linux-x86_64-debian-gcc, r-devel-linux-x86_64-fedora-clang, r-devel-linux-x86_64-fedora-gcc, r-devel-windows-x86_64, r-patched-linux-x86_64