CRAN Package Check Results for Package CopernicusDEM

Last updated on 2021-11-30 12:53:28 CET.

Flavor Version Tinstall Tcheck Ttotal Status Flags
r-devel-linux-x86_64-debian-clang 1.0.1 24.68 229.99 254.67 OK
r-devel-linux-x86_64-debian-gcc 1.0.1 23.61 171.32 194.93 OK
r-devel-linux-x86_64-fedora-clang 1.0.1 319.37 NOTE
r-devel-linux-x86_64-fedora-gcc 1.0.1 326.87 OK
r-devel-windows-x86_64-new-UL 1.0.1 43.00 266.00 309.00 NOTE
r-devel-windows-x86_64-new-TK 1.0.1 OK
r-devel-windows-x86_64-old 1.0.1 40.00 187.00 227.00 NOTE
r-patched-linux-x86_64 1.0.1 27.90 220.22 248.12 OK
r-patched-solaris-x86 1.0.1 381.60 NOTE
r-release-linux-x86_64 1.0.1 26.23 223.29 249.52 OK
r-release-macos-arm64 1.0.1 NOTE
r-release-macos-x86_64 1.0.1 NOTE
r-release-windows-ix86+x86_64 1.0.1 62.00 260.00 322.00 NOTE
r-oldrel-macos-x86_64 1.0.1 NOTE
r-oldrel-windows-ix86+x86_64 1.0.1 48.00 175.00 223.00 NOTE

Check Details

Version: 1.0.1
Check: installed package size
Result: NOTE
     installed size is 7.5Mb
     sub-directories of 1Mb or more:
     doc 2.3Mb
     vignette_data 2.6Mb
Flavors: r-devel-linux-x86_64-fedora-clang, r-devel-windows-x86_64-new-UL, r-devel-windows-x86_64-old, r-patched-solaris-x86, r-release-macos-arm64, r-release-macos-x86_64, r-release-windows-ix86+x86_64, r-oldrel-macos-x86_64, r-oldrel-windows-ix86+x86_64