Last updated on 2024-04-24 06:19:10 CEST.
Flavor | Version | Tinstall | Tcheck | Ttotal | Status | Flags |
---|---|---|---|---|---|---|
r-devel-linux-x86_64-debian-clang | 3.0.1 | 29.23 | 354.61 | 383.84 | OK | |
r-devel-linux-x86_64-debian-gcc | 3.0.1 | 25.56 | 248.24 | 273.80 | OK | |
r-devel-linux-x86_64-fedora-clang | 3.0.1 | 469.36 | NOTE | |||
r-devel-linux-x86_64-fedora-gcc | 3.0.1 | 452.62 | NOTE | |||
r-prerel-macos-arm64 | 3.0.1 | 123.00 | OK | |||
r-prerel-windows-x86_64 | 3.0.1 | 28.00 | 218.00 | 246.00 | OK | |
r-patched-linux-x86_64 | 3.0.1 | 37.07 | 325.52 | 362.59 | OK | |
r-release-linux-x86_64 | 3.0.1 | 36.37 | 328.31 | 364.68 | OK | |
r-release-macos-arm64 | 3.0.1 | 127.00 | OK | |||
r-release-macos-x86_64 | 3.0.1 | 283.00 | OK | |||
r-release-windows-x86_64 | 3.0.1 | 39.00 | 298.00 | 337.00 | OK | |
r-oldrel-macos-arm64 | 3.0.1 | 110.00 | OK | |||
r-oldrel-windows-x86_64 | 3.0.1 | 41.00 | 288.00 | 329.00 | OK |
Version: 3.0.1
Check: data for non-ASCII characters
Result: NOTE
Note: found 144 marked UTF-8 strings
Flavors: r-devel-linux-x86_64-fedora-clang, r-devel-linux-x86_64-fedora-gcc