Last updated on 2024-04-24 12:56:31 CEST.
Flavor | Version | Tinstall | Tcheck | Ttotal | Status | Flags |
---|---|---|---|---|---|---|
r-devel-linux-x86_64-debian-clang | 1.0.4 | 14.72 | 171.94 | 186.66 | NOTE | |
r-devel-linux-x86_64-debian-gcc | 1.0.4 | 12.71 | 124.90 | 137.61 | NOTE | |
r-devel-linux-x86_64-fedora-clang | 1.0.4 | 235.28 | NOTE | |||
r-devel-linux-x86_64-fedora-gcc | 1.0.4 | 233.74 | NOTE | |||
r-devel-windows-x86_64 | 1.0.4 | 13.00 | 134.00 | 147.00 | NOTE | |
r-patched-linux-x86_64 | 1.0.4 | 16.21 | 160.45 | 176.66 | NOTE | |
r-release-linux-x86_64 | 1.0.4 | 9.49 | 162.05 | 171.54 | OK | |
r-release-macos-arm64 | 1.0.4 | 80.00 | OK | |||
r-release-windows-x86_64 | 1.0.4 | 12.00 | 133.00 | 145.00 | NOTE | |
r-oldrel-macos-arm64 | 1.0.4 | 68.00 | OK | |||
r-oldrel-macos-x86_64 | 1.0.4 | 137.00 | OK | |||
r-oldrel-windows-x86_64 | 1.0.4 | 18.00 | 170.00 | 188.00 | OK |
Version: 1.0.4
Check: Rd files
Result: NOTE
checkRd: (-1) binary_class_cm.Rd:19: Lost braces in \itemize; \value handles \item{}{} directly
checkRd: (-1) binary_class_cm.Rd:20: Lost braces in \itemize; \value handles \item{}{} directly
checkRd: (-1) binary_class_cm.Rd:21: Lost braces in \itemize; \value handles \item{}{} directly
checkRd: (-1) binary_class_cm.Rd:22: Lost braces in \itemize; \value handles \item{}{} directly
checkRd: (-1) multi_class_cm.Rd:19: Lost braces in \itemize; \value handles \item{}{} directly
checkRd: (-1) multi_class_cm.Rd:20: Lost braces in \itemize; \value handles \item{}{} directly
checkRd: (-1) multi_class_cm.Rd:21: Lost braces in \itemize; \value handles \item{}{} directly
checkRd: (-1) multi_class_cm.Rd:22: Lost braces in \itemize; \value handles \item{}{} directly
Flavors: r-devel-linux-x86_64-debian-clang, r-devel-linux-x86_64-debian-gcc, r-devel-linux-x86_64-fedora-clang, r-devel-linux-x86_64-fedora-gcc, r-devel-windows-x86_64, r-patched-linux-x86_64, r-release-windows-x86_64