Last updated on 2023-03-24 12:50:39 CET.
Flavor | Version | Tinstall | Tcheck | Ttotal | Status | Flags |
---|---|---|---|---|---|---|
r-devel-linux-x86_64-debian-clang | 0.1.5 | 12.41 | 369.34 | 381.75 | NOTE | |
r-devel-linux-x86_64-debian-gcc | 0.1.5 | 10.68 | 284.91 | 295.59 | NOTE | |
r-devel-linux-x86_64-fedora-clang | 0.1.5 | 499.60 | NOTE | |||
r-devel-linux-x86_64-fedora-gcc | 0.1.5 | 460.71 | NOTE | |||
r-devel-windows-x86_64 | 0.1.5 | 37.00 | 416.00 | 453.00 | NOTE | |
r-patched-linux-x86_64 | 0.1.5 | 11.73 | 344.30 | 356.03 | NOTE | |
r-release-linux-x86_64 | 0.1.5 | 12.05 | 427.47 | 439.52 | NOTE | |
r-release-macos-arm64 | 0.1.5 | 183.00 | NOTE | |||
r-release-macos-x86_64 | 0.1.5 | 232.00 | NOTE | |||
r-release-windows-x86_64 | 0.1.5 | 37.00 | 395.00 | 432.00 | NOTE | |
r-oldrel-macos-arm64 | 0.1.5 | 205.00 | NOTE | |||
r-oldrel-macos-x86_64 | 0.1.5 | 359.00 | NOTE | |||
r-oldrel-windows-ix86+x86_64 | 0.1.5 | 27.00 | 433.00 | 460.00 | NOTE |
Version: 0.1.5
Check: LazyData
Result: NOTE
'LazyData' is specified without a 'data' directory
Flavors: r-devel-linux-x86_64-debian-clang, r-devel-linux-x86_64-debian-gcc, r-devel-linux-x86_64-fedora-clang, r-devel-linux-x86_64-fedora-gcc, r-devel-windows-x86_64, r-patched-linux-x86_64, r-release-linux-x86_64, r-release-macos-arm64, r-release-macos-x86_64, r-release-windows-x86_64, r-oldrel-macos-arm64, r-oldrel-macos-x86_64, r-oldrel-windows-ix86+x86_64