CRAN Package Check Results for Package CompRandFld

Last updated on 2020-07-15 06:47:57 CEST.

Flavor Version Tinstall Tcheck Ttotal Status Flags
r-devel-linux-x86_64-debian-clang 1.0.3-6 18.72 93.61 112.33 OK
r-devel-linux-x86_64-debian-gcc 1.0.3-6 16.03 70.56 86.59 OK
r-devel-linux-x86_64-fedora-clang 1.0.3-6 151.01 OK
r-devel-linux-x86_64-fedora-gcc 1.0.3-6 144.68 OK
r-devel-windows-ix86+x86_64 1.0.3-6 54.00 186.00 240.00 OK
r-patched-linux-x86_64 1.0.3-6 19.60 92.75 112.35 OK
r-patched-solaris-x86 1.0.3-6 195.10 OK
r-release-linux-x86_64 1.0.3-6 18.89 92.79 111.68 OK
r-release-macos-x86_64 1.0.3-6 ERROR
r-release-windows-ix86+x86_64 1.0.3-6 54.00 184.00 238.00 OK
r-oldrel-macos-x86_64 1.0.3-6 OK
r-oldrel-windows-ix86+x86_64 1.0.3-6 52.00 185.00 237.00 OK

Check Details

Version: 1.0.3-6
Check: whether package can be installed
Result: ERROR
    Installation failed.
Flavor: r-release-macos-x86_64