Last updated on 2025-04-30 12:49:00 CEST.
Flavor | Version | Tinstall | Tcheck | Ttotal | Status | Flags |
---|---|---|---|---|---|---|
r-devel-linux-x86_64-debian-clang | 1.8.1 | 22.44 | 181.07 | 203.51 | NOTE | |
r-devel-linux-x86_64-debian-gcc | 1.8.1 | 13.76 | 127.24 | 141.00 | NOTE | |
r-devel-linux-x86_64-fedora-clang | 1.8.1 | 335.26 | OK | |||
r-devel-linux-x86_64-fedora-gcc | 1.8.1 | 320.78 | OK | |||
r-devel-windows-x86_64 | 1.8.1 | 22.00 | 175.00 | 197.00 | OK | |
r-patched-linux-x86_64 | 1.8.1 | 22.94 | 168.23 | 191.17 | OK | |
r-release-linux-x86_64 | 1.8.1 | 20.71 | 172.42 | 193.13 | OK | |
r-release-macos-arm64 | 1.8.1 | 85.00 | OK | |||
r-release-macos-x86_64 | 1.8.1 | 157.00 | OK | |||
r-release-windows-x86_64 | 1.8.1 | 22.00 | 176.00 | 198.00 | OK | |
r-oldrel-macos-arm64 | 1.8.1 | 87.00 | OK | |||
r-oldrel-macos-x86_64 | 1.8.1 | 208.00 | OK | |||
r-oldrel-windows-x86_64 | 1.8.1 | 29.00 | 222.00 | 251.00 | OK |
Version: 1.8.1
Check: examples
Result: NOTE
Examples with CPU (user + system) or elapsed time > 5s
user system elapsed
betaRegDisp 6.238 0.217 8.347
autosimi 4.307 0.237 6.100
standExtent 2.415 0.042 5.951
Flavor: r-devel-linux-x86_64-debian-clang
Version: 1.8.1
Check: examples
Result: NOTE
Examples with CPU (user + system) or elapsed time > 5s
user system elapsed
betaRegDisp 6.291 0.199 6.977
Flavor: r-devel-linux-x86_64-debian-gcc