CRAN Package Check Results for Package CommEcol

Last updated on 2020-02-17 12:47:38 CET.

Flavor Version Tinstall Tcheck Ttotal Status Flags
r-devel-linux-x86_64-debian-clang 1.7.0 16.43 218.25 234.68 OK
r-devel-linux-x86_64-debian-gcc 1.7.0 13.54 164.55 178.09 OK
r-devel-linux-x86_64-fedora-clang 1.7.0 289.93 OK
r-devel-windows-ix86+x86_64 1.7.0 47.00 203.00 250.00 OK
r-devel-windows-ix86+x86_64-gcc8 1.7.0 72.00 264.00 336.00 OK
r-patched-linux-x86_64 1.7.0 20.21 190.86 211.07 OK
r-patched-solaris-x86 1.7.0 452.00 OK
r-release-linux-x86_64 1.7.0 20.63 190.80 211.43 OK
r-release-windows-ix86+x86_64 1.7.0 6.00 5.00 11.00 ERROR
r-release-osx-x86_64 1.7.0 OK
r-oldrel-windows-ix86+x86_64 1.7.0 24.00 184.00 208.00 OK
r-oldrel-osx-x86_64 1.7.0 OK

Check Details

Version: 1.7.0
Check: whether package can be installed
Result: ERROR
    Installation failed.
Flavor: r-release-windows-ix86+x86_64