Last updated on 2023-11-30 12:49:17 CET.
Flavor | Version | Tinstall | Tcheck | Ttotal | Status | Flags |
---|---|---|---|---|---|---|
r-devel-linux-x86_64-debian-clang | 0.1.0 | 3.00 | 40.18 | 43.18 | OK | |
r-devel-linux-x86_64-debian-gcc | 0.1.0 | 2.24 | 30.06 | 32.30 | OK | |
r-devel-linux-x86_64-fedora-clang | 0.1.0 | 52.56 | NOTE | |||
r-devel-linux-x86_64-fedora-gcc | 0.1.0 | 50.35 | NOTE | |||
r-devel-windows-x86_64 | 0.1.0 | 4.00 | 51.00 | 55.00 | OK | |
r-patched-linux-x86_64 | 0.1.0 | 2.47 | 38.55 | 41.02 | OK | |
r-release-linux-x86_64 | 0.1.0 | 2.88 | 38.58 | 41.46 | OK | |
r-release-macos-arm64 | 0.1.0 | 21.00 | OK | |||
r-release-macos-x86_64 | 0.1.0 | 30.00 | OK | |||
r-release-windows-x86_64 | 0.1.0 | 5.00 | 65.00 | 70.00 | OK | |
r-oldrel-macos-arm64 | 0.1.0 | 18.00 | NOTE | |||
r-oldrel-macos-x86_64 | 0.1.0 | 35.00 | NOTE | |||
r-oldrel-windows-x86_64 | 0.1.0 | 5.00 | 59.00 | 64.00 | OK |
Version: 0.1.0
Check: data for non-ASCII characters
Result: NOTE
Note: found 742 marked UTF-8 strings
Flavors: r-devel-linux-x86_64-fedora-clang, r-devel-linux-x86_64-fedora-gcc, r-oldrel-macos-arm64, r-oldrel-macos-x86_64