Last updated on 2024-04-23 05:58:07 CEST.
Flavor | Version | Tinstall | Tcheck | Ttotal | Status | Flags |
---|---|---|---|---|---|---|
r-devel-linux-x86_64-debian-clang | 0.1.9 | 2.90 | 37.84 | 40.74 | NOTE | |
r-devel-linux-x86_64-debian-gcc | 0.1.9 | 3.06 | 26.74 | 29.80 | NOTE | |
r-devel-linux-x86_64-fedora-clang | 0.1.9 | 49.89 | NOTE | |||
r-devel-linux-x86_64-fedora-gcc | 0.1.9 | 49.64 | NOTE | |||
r-prerel-macos-arm64 | 0.1.9 | 17.00 | NOTE | |||
r-prerel-windows-x86_64 | 0.1.9 | 4.00 | 44.00 | 48.00 | NOTE | |
r-patched-linux-x86_64 | 0.1.9 | 3.54 | 34.91 | 38.45 | NOTE | |
r-release-linux-x86_64 | 0.1.9 | 3.39 | 35.19 | 38.58 | NOTE | |
r-release-macos-arm64 | 0.1.9 | 19.00 | NOTE | |||
r-release-macos-x86_64 | 0.1.9 | 26.00 | NOTE | |||
r-release-windows-x86_64 | 0.1.9 | 5.00 | 48.00 | 53.00 | NOTE | |
r-oldrel-macos-arm64 | 0.1.9 | 21.00 | NOTE | |||
r-oldrel-windows-x86_64 | 0.1.9 | 6.00 | 52.00 | 58.00 | NOTE |
Version: 0.1.9
Check: LazyData
Result: NOTE
'LazyData' is specified without a 'data' directory
Flavors: r-devel-linux-x86_64-debian-clang, r-devel-linux-x86_64-debian-gcc, r-devel-linux-x86_64-fedora-clang, r-devel-linux-x86_64-fedora-gcc, r-prerel-macos-arm64, r-prerel-windows-x86_64, r-patched-linux-x86_64, r-release-linux-x86_64, r-release-macos-arm64, r-release-macos-x86_64, r-release-windows-x86_64, r-oldrel-macos-arm64, r-oldrel-windows-x86_64
Version: 0.1.9
Check: dependencies in R code
Result: NOTE
Namespaces in Imports field not imported from:
‘Rdpack’ ‘coin’ ‘ggplot2’ ‘plyr’
All declared Imports should be used.
Flavors: r-devel-linux-x86_64-fedora-clang, r-devel-linux-x86_64-fedora-gcc, r-oldrel-macos-arm64