CRAN Package Check Results for Package Coinprofile

Last updated on 2022-09-26 06:51:08 CEST.

Flavor Version Tinstall Tcheck Ttotal Status Flags
r-devel-linux-x86_64-debian-clang 0.1.9 4.03 37.29 41.32 NOTE
r-devel-linux-x86_64-debian-gcc 0.1.9 3.04 27.03 30.07 NOTE
r-devel-linux-x86_64-fedora-clang 0.1.9 58.05 NOTE
r-devel-linux-x86_64-fedora-gcc 0.1.9 58.14 NOTE
r-devel-windows-x86_64 0.1.9 16.00 62.00 78.00 NOTE
r-patched-linux-x86_64 0.1.9 3.98 35.22 39.20 NOTE
r-release-linux-x86_64 0.1.9 4.09 34.52 38.61 NOTE
r-release-macos-arm64 0.1.9 21.00 NOTE
r-release-macos-x86_64 0.1.9 35.00 NOTE
r-release-windows-x86_64 0.1.9 7.00 57.00 64.00 NOTE
r-oldrel-macos-arm64 0.1.9 25.00 NOTE
r-oldrel-macos-x86_64 0.1.9 32.00 NOTE
r-oldrel-windows-ix86+x86_64 0.1.9 8.00 62.00 70.00 NOTE

Check Details

Version: 0.1.9
Check: LazyData
Result: NOTE
     'LazyData' is specified without a 'data' directory
Flavors: r-devel-linux-x86_64-debian-clang, r-devel-linux-x86_64-debian-gcc, r-devel-linux-x86_64-fedora-clang, r-devel-linux-x86_64-fedora-gcc, r-devel-windows-x86_64, r-patched-linux-x86_64, r-release-linux-x86_64, r-release-macos-arm64, r-release-macos-x86_64, r-release-windows-x86_64, r-oldrel-macos-arm64, r-oldrel-macos-x86_64, r-oldrel-windows-ix86+x86_64

Version: 0.1.9
Check: dependencies in R code
Result: NOTE
    Namespaces in Imports field not imported from:
     ‘Rdpack’ ‘coin’ ‘ggplot2’ ‘plyr’
     All declared Imports should be used.
Flavors: r-devel-linux-x86_64-fedora-clang, r-devel-linux-x86_64-fedora-gcc, r-release-macos-arm64, r-release-macos-x86_64, r-oldrel-macos-arm64, r-oldrel-macos-x86_64