CRAN Package Check Results for Package CodeDepends

Last updated on 2022-01-24 12:52:04 CET.

Flavor Version Tinstall Tcheck Ttotal Status Flags
r-devel-linux-x86_64-debian-clang 0.6.5 13.18 90.99 104.17 NOTE
r-devel-linux-x86_64-debian-gcc 0.6.5 9.08 70.53 79.61 NOTE
r-devel-linux-x86_64-fedora-clang 0.6.5 126.67 NOTE
r-devel-linux-x86_64-fedora-gcc 0.6.5 126.85 NOTE
r-devel-windows-x86_64-new-UL 0.6.5 163.00 127.00 290.00 OK
r-devel-windows-x86_64-new-TK 0.6.5 OK
r-patched-linux-x86_64 0.6.5 11.32 83.76 95.08 NOTE
r-release-linux-x86_64 0.6.5 11.34 84.15 95.49 NOTE
r-release-macos-arm64 0.6.5 OK
r-release-macos-x86_64 0.6.5 OK
r-release-windows-ix86+x86_64 0.6.5 24.00 101.00 125.00 OK
r-oldrel-macos-x86_64 0.6.5 OK
r-oldrel-windows-ix86+x86_64 0.6.5 26.00 103.00 129.00 OK

Check Details

Version: 0.6.5
Check: for non-standard things in the check directory
Result: NOTE
    Found the following files/directories:
     'foo.R' 'foo.html'
Flavors: r-devel-linux-x86_64-debian-clang, r-devel-linux-x86_64-debian-gcc, r-devel-linux-x86_64-fedora-clang, r-devel-linux-x86_64-fedora-gcc, r-patched-linux-x86_64, r-release-linux-x86_64