Last updated on 2024-04-19 21:56:25 CEST.
Flavor | Version | Tinstall | Tcheck | Ttotal | Status | Flags |
---|---|---|---|---|---|---|
r-devel-linux-x86_64-debian-clang | 1.1.2 | 38.52 | 60.67 | 99.19 | NOTE | |
r-devel-linux-x86_64-debian-gcc | 1.1.2 | NOTE | ||||
r-devel-linux-x86_64-fedora-clang | 1.1.2 | 134.09 | NOTE | |||
r-devel-linux-x86_64-fedora-gcc | 1.1.2 | 135.65 | NOTE | |||
r-prerel-macos-arm64 | 1.1.2 | 36.00 | NOTE | |||
r-prerel-windows-x86_64 | 1.1.2 | 34.00 | 98.00 | 132.00 | NOTE | |
r-patched-linux-x86_64 | 1.1.2 | 38.27 | 55.69 | 93.96 | NOTE | |
r-release-linux-x86_64 | 1.1.2 | 40.28 | 56.32 | 96.60 | NOTE | |
r-release-macos-arm64 | 1.1.2 | 39.00 | NOTE | |||
r-release-macos-x86_64 | 1.1.2 | 62.00 | NOTE | |||
r-release-windows-x86_64 | 1.1.2 | 41.00 | 107.00 | 148.00 | NOTE | |
r-oldrel-macos-arm64 | 1.1.2 | 46.00 | OK | |||
r-oldrel-windows-x86_64 | 1.1.2 | 41.00 | 97.00 | 138.00 | OK |
Version: 1.1.2
Check: C++ specification
Result: NOTE
Specified C++11: please drop specification unless essential
Flavors: r-devel-linux-x86_64-debian-clang, r-devel-linux-x86_64-debian-gcc, r-devel-linux-x86_64-fedora-clang, r-devel-linux-x86_64-fedora-gcc, r-prerel-macos-arm64, r-prerel-windows-x86_64, r-patched-linux-x86_64, r-release-linux-x86_64, r-release-macos-arm64, r-release-macos-x86_64, r-release-windows-x86_64