Last updated on 2024-04-19 06:03:10 CEST.
Flavor | Version | Tinstall | Tcheck | Ttotal | Status | Flags |
---|---|---|---|---|---|---|
r-devel-linux-x86_64-debian-clang | 0.8 | 95.61 | 72.90 | 168.51 | NOTE | |
r-devel-linux-x86_64-debian-gcc | 0.8 | NOTE | ||||
r-devel-linux-x86_64-fedora-clang | 0.8 | 233.68 | NOTE | |||
r-devel-linux-x86_64-fedora-gcc | 0.8 | 222.26 | NOTE | |||
r-prerel-macos-arm64 | 0.8 | 46.00 | NOTE | |||
r-prerel-windows-x86_64 | 0.8 | 72.00 | 99.00 | 171.00 | NOTE | |
r-patched-linux-x86_64 | 0.8 | 85.18 | 68.23 | 153.41 | NOTE | |
r-release-linux-x86_64 | 0.8 | 85.36 | 68.46 | 153.82 | OK | |
r-release-macos-arm64 | 0.8 | 49.00 | OK | |||
r-release-macos-x86_64 | 0.8 | 71.00 | OK | |||
r-release-windows-x86_64 | 0.8 | 86.00 | 113.00 | 199.00 | OK | |
r-oldrel-macos-arm64 | 0.8 | 51.00 | OK | |||
r-oldrel-windows-x86_64 | 0.8 | 88.00 | 107.00 | 195.00 | OK |
Version: 0.8
Check: Rd files
Result: NOTE
checkRd: (-1) BMD.Rd:21: Lost braces in \itemize; \value handles \item{}{} directly
checkRd: (-1) BMD.Rd:22: Lost braces in \itemize; \value handles \item{}{} directly
checkRd: (-1) BMD.Rd:23: Lost braces in \itemize; \value handles \item{}{} directly
checkRd: (-1) BMD.Rd:24: Lost braces in \itemize; \value handles \item{}{} directly
checkRd: (-1) BMD.Rd:25: Lost braces in \itemize; \value handles \item{}{} directly
checkRd: (-1) add.risk.Rd:30: Lost braces in \itemize; \value handles \item{}{} directly
checkRd: (-1) add.risk.Rd:31: Lost braces in \itemize; \value handles \item{}{} directly
checkRd: (-1) comire.gibbs.Rd:66: Lost braces in \itemize; \value handles \item{}{} directly
checkRd: (-1) comire.gibbs.Rd:67-68: Lost braces in \itemize; \value handles \item{}{} directly
checkRd: (-1) comire.gibbs.Rd:69: Lost braces in \itemize; \value handles \item{}{} directly
checkRd: (-1) comire.gibbs.Rd:70: Lost braces in \itemize; \value handles \item{}{} directly
checkRd: (-1) comire.gibbs.Rd:71: Lost braces in \itemize; \value handles \item{}{} directly
checkRd: (-1) comire.gibbs.Rd:72: Lost braces in \itemize; \value handles \item{}{} directly
checkRd: (-1) comire.gibbs.Rd:73: Lost braces in \itemize; \value handles \item{}{} directly
checkRd: (-1) comire.gibbs.Rd:74: Lost braces in \itemize; \value handles \item{}{} directly
checkRd: (-1) comire.gibbs.Rd:75: Lost braces in \itemize; \value handles \item{}{} directly
checkRd: (-1) comire.gibbs.Rd:76: Lost braces in \itemize; \value handles \item{}{} directly
Flavors: r-devel-linux-x86_64-debian-clang, r-devel-linux-x86_64-debian-gcc, r-devel-linux-x86_64-fedora-clang, r-devel-linux-x86_64-fedora-gcc, r-prerel-macos-arm64, r-prerel-windows-x86_64, r-patched-linux-x86_64