Last updated on 2025-05-11 12:50:15 CEST.
Flavor | Version | Tinstall | Tcheck | Ttotal | Status | Flags |
---|---|---|---|---|---|---|
r-devel-linux-x86_64-debian-clang | 1.4.2 | 2.48 | 38.60 | 41.08 | NOTE | |
r-devel-linux-x86_64-debian-gcc | 1.4.2 | 1.81 | 27.56 | 29.37 | NOTE | |
r-devel-linux-x86_64-fedora-clang | 1.4.2 | 60.96 | OK | |||
r-devel-linux-x86_64-fedora-gcc | 1.4.2 | 58.29 | OK | |||
r-devel-windows-x86_64 | 1.4.2 | 3.00 | 57.00 | 60.00 | OK | |
r-patched-linux-x86_64 | 1.4.2 | 2.16 | 35.56 | 37.72 | OK | |
r-release-linux-x86_64 | 1.4.2 | 2.11 | 35.91 | 38.02 | OK | |
r-release-macos-arm64 | 1.4.2 | 24.00 | OK | |||
r-release-macos-x86_64 | 1.4.2 | 38.00 | OK | |||
r-release-windows-x86_64 | 1.4.2 | 3.00 | 66.00 | 69.00 | OK | |
r-oldrel-macos-arm64 | 1.4.2 | 20.00 | OK | |||
r-oldrel-macos-x86_64 | 1.4.2 | 28.00 | OK | |||
r-oldrel-windows-x86_64 | 1.4.2 | 5.00 | 64.00 | 69.00 | OK |
Version: 1.4.2
Check: CRAN incoming feasibility
Result: NOTE
Maintainer: ‘Pengyi Yang <yangpy7@gmail.com>’
No Authors@R field in DESCRIPTION.
Please add one, modifying
Authors@R: person(given = "Pengyi",
family = "Yang",
role = c("aut", "cre"),
email = "yangpy7@gmail.com")
as necessary.
Flavors: r-devel-linux-x86_64-debian-clang, r-devel-linux-x86_64-debian-gcc