CRAN Package Check Results for Package ClimProjDiags

Last updated on 2022-12-05 11:51:35 CET.

Flavor Version Tinstall Tcheck Ttotal Status Flags
r-devel-linux-x86_64-debian-clang 0.2.0 4.74 46.85 51.59 OK
r-devel-linux-x86_64-debian-gcc 0.2.1 4.97 39.11 44.08 OK
r-devel-linux-x86_64-fedora-clang 0.2.1 82.90 NOTE
r-devel-linux-x86_64-fedora-gcc 0.2.1 90.28 OK
r-devel-windows-x86_64 0.2.1 25.00 89.00 114.00 OK
r-patched-linux-x86_64 0.2.1 6.01 48.45 54.46 OK
r-release-linux-x86_64 0.2.1 5.80 46.30 52.10 OK
r-release-macos-arm64 0.2.1 26.00 OK
r-release-macos-x86_64 0.2.1 38.00 OK
r-release-windows-x86_64 0.2.1 64.00 117.00 181.00 OK
r-oldrel-macos-arm64 0.2.1 32.00 OK
r-oldrel-macos-x86_64 0.2.1 41.00 OK
r-oldrel-windows-ix86+x86_64 0.2.0 13.00 75.00 88.00 OK

Check Details

Version: 0.2.1
Check: Rd cross-references
Result: NOTE
    Undeclared package ‘s2dv’ in Rd xrefs
Flavor: r-devel-linux-x86_64-fedora-clang