Last updated on 2025-02-01 21:49:09 CET.
Flavor | Version | Tinstall | Tcheck | Ttotal | Status | Flags |
---|---|---|---|---|---|---|
r-devel-linux-x86_64-debian-clang | 0.3.3 | 6.24 | 43.56 | 49.80 | NOTE | |
r-devel-linux-x86_64-debian-gcc | 0.3.3 | 4.26 | 32.05 | 36.31 | NOTE | |
r-devel-linux-x86_64-fedora-clang | 0.3.3 | 81.10 | OK | |||
r-devel-linux-x86_64-fedora-gcc | 0.3.3 | 74.67 | OK | |||
r-devel-windows-x86_64 | 0.3.3 | 7.00 | 60.00 | 67.00 | NOTE | |
r-patched-linux-x86_64 | 0.3.3 | 10.23 | 40.31 | 50.54 | OK | |
r-release-linux-x86_64 | 0.3.3 | 5.80 | 40.38 | 46.18 | OK | |
r-release-macos-arm64 | 0.3.3 | 26.00 | OK | |||
r-release-macos-x86_64 | 0.3.3 | 41.00 | OK | |||
r-release-windows-x86_64 | 0.3.3 | 8.00 | 61.00 | 69.00 | OK | |
r-oldrel-macos-arm64 | 0.3.3 | 33.00 | OK | |||
r-oldrel-macos-x86_64 | 0.3.3 | 54.00 | OK | |||
r-oldrel-windows-x86_64 | 0.3.3 | 9.00 | 68.00 | 77.00 | OK |
Version: 0.3.3
Check: Rd cross-references
Result: NOTE
Found the following Rd file(s) with Rd \link{} targets missing package
anchors:
ClickHouseHTTPConnection-class.Rd: dbConnect
Please provide package anchors for all Rd \link{} targets not in the
package itself and the base packages.
Flavors: r-devel-linux-x86_64-debian-clang, r-devel-linux-x86_64-debian-gcc, r-devel-windows-x86_64