Last updated on 2024-03-28 12:50:29 CET.
Flavor | Version | Tinstall | Tcheck | Ttotal | Status | Flags |
---|---|---|---|---|---|---|
r-devel-linux-x86_64-debian-clang | 3.4.0 | 2.94 | 84.70 | 87.64 | NOTE | |
r-devel-linux-x86_64-debian-gcc | 3.4.0 | 3.52 | 64.07 | 67.59 | NOTE | |
r-devel-linux-x86_64-fedora-clang | 3.4.0 | 108.05 | NOTE | |||
r-devel-linux-x86_64-fedora-gcc | 3.4.0 | 118.35 | NOTE | |||
r-devel-windows-x86_64 | 3.4.0 | 4.00 | 118.00 | 122.00 | NOTE | |
r-patched-linux-x86_64 | 3.4.0 | 3.80 | 82.11 | 85.91 | NOTE | |
r-release-linux-x86_64 | 3.4.0 | 4.55 | 81.37 | 85.92 | OK | |
r-release-macos-arm64 | 3.4.0 | 48.00 | OK | |||
r-release-macos-x86_64 | 3.4.0 | 61.00 | OK | |||
r-release-windows-x86_64 | 3.4.0 | 5.00 | 120.00 | 125.00 | OK | |
r-oldrel-macos-arm64 | 3.4.0 | 43.00 | OK | |||
r-oldrel-windows-x86_64 | 3.4.0 | 5.00 | 126.00 | 131.00 | OK |
Version: 3.4.0
Check: Rd files
Result: NOTE
checkRd: (-1) cd01-0-distanceMatrix.Rd:37-39: Lost braces in \itemize; meant \describe ?
checkRd: (-1) cd01-0-distanceMatrix.Rd:40-43: Lost braces in \itemize; meant \describe ?
checkRd: (-1) cd01-0-distanceMatrix.Rd:44-46: Lost braces in \itemize; meant \describe ?
checkRd: (-1) cd01-0-distanceMatrix.Rd:47-48: Lost braces in \itemize; meant \describe ?
checkRd: (-1) cd01-0-distanceMatrix.Rd:49-50: Lost braces in \itemize; meant \describe ?
checkRd: (-1) cd01-0-distanceMatrix.Rd:51-52: Lost braces in \itemize; meant \describe ?
checkRd: (-1) cd02-1-cluster3.Rd:25: Lost braces
25 | Kevin R. Coombes email{krc@silicovore.com}
| ^
checkRd: (-1) cd03-0-ClusterTest-class.Rd:70: Lost braces
70 | Kevin R. Coombes email{krc@silicovore.com}
| ^
Flavors: r-devel-linux-x86_64-debian-clang, r-devel-linux-x86_64-debian-gcc, r-devel-linux-x86_64-fedora-clang, r-devel-linux-x86_64-fedora-gcc, r-devel-windows-x86_64, r-patched-linux-x86_64