Last updated on 2025-02-01 12:48:23 CET.
Flavor | Version | Tinstall | Tcheck | Ttotal | Status | Flags |
---|---|---|---|---|---|---|
r-devel-linux-x86_64-debian-clang | 3.3.2 | 7.27 | 88.74 | 96.01 | NOTE | |
r-devel-linux-x86_64-debian-gcc | 3.3.2 | 4.99 | 63.17 | 68.16 | NOTE | |
r-devel-linux-x86_64-fedora-clang | 3.3.2 | 166.79 | OK | |||
r-devel-linux-x86_64-fedora-gcc | 3.3.2 | 165.50 | OK | |||
r-devel-windows-x86_64 | 3.3.2 | 8.00 | 122.00 | 130.00 | NOTE | |
r-patched-linux-x86_64 | 3.3.2 | 7.11 | 83.07 | 90.18 | OK | |
r-release-linux-x86_64 | 3.3.2 | 6.17 | 83.88 | 90.05 | OK | |
r-release-macos-arm64 | 3.3.2 | 60.00 | OK | |||
r-release-macos-x86_64 | 3.3.2 | 155.00 | OK | |||
r-release-windows-x86_64 | 3.3.2 | 9.00 | 117.00 | 126.00 | OK | |
r-oldrel-macos-arm64 | 3.3.2 | 63.00 | OK | |||
r-oldrel-macos-x86_64 | 3.3.2 | 172.00 | OK | |||
r-oldrel-windows-x86_64 | 3.3.2 | 7.00 | 117.00 | 124.00 | OK |
Version: 3.3.2
Check: tests
Result: NOTE
Running ‘testBum.R’ [1s/2s]
Comparing ‘testBum.Rout’ to ‘testBum.Rout.save’ ... OK
Running ‘testDiff.R’ [5s/6s]
Comparing ‘testDiff.Rout’ to ‘testDiff.Rout.save’ ...23c23
< -3.25710 -0.72072 -0.01096 -0.02219 0.66601 3.30242
---
> -3.25711 -0.72072 -0.01096 -0.02219 0.66601 3.30242
52c52
< 2.600e-06 1.328e-01 4.666e-01 1.060e+00 1.369e+00 1.091e+01
---
> 0.000003 0.132789 0.466590 1.059960 1.369473 10.905953
67c67
< -3.25710 -0.72072 -0.01096 -0.02219 0.66601 3.30242
---
> -3.25711 -0.72072 -0.01096 -0.02219 0.66601 3.30242
Flavor: r-devel-linux-x86_64-debian-clang
Version: 3.3.2
Check: tests
Result: NOTE
Running ‘testBum.R’ [1s/1s]
Comparing ‘testBum.Rout’ to ‘testBum.Rout.save’ ... OK
Running ‘testDiff.R’ [3s/4s]
Comparing ‘testDiff.Rout’ to ‘testDiff.Rout.save’ ...23c23
< -3.25710 -0.72072 -0.01096 -0.02219 0.66601 3.30242
---
> -3.25711 -0.72072 -0.01096 -0.02219 0.66601 3.30242
52c52
< 2.600e-06 1.328e-01 4.666e-01 1.060e+00 1.369e+00 1.091e+01
---
> 0.000003 0.132789 0.466590 1.059960 1.369473 10.905953
67c67
< -3.25710 -0.72072 -0.01096 -0.02219 0.66601 3.30242
---
> -3.25711 -0.72072 -0.01096 -0.02219 0.66601 3.30242
Flavor: r-devel-linux-x86_64-debian-gcc
Version: 3.3.2
Check: tests
Result: NOTE
Running 'testBum.R' [1s]
Comparing 'testBum.Rout' to 'testBum.Rout.save' ... OK
Running 'testDiff.R' [4s]
Comparing 'testDiff.Rout' to 'testDiff.Rout.save' ...23c23
< -3.25710 -0.72072 -0.01096 -0.02219 0.66601 3.30242
---
> -3.25711 -0.72072 -0.01096 -0.02219 0.66601 3.30242
52c52
< 2.600e-06 1.328e-01 4.666e-01 1.060e+00 1.369e+00 1.091e+01
---
> 0.000003 0.132789 0.466590 1.059960 1.369473 10.905953
67c67
< -3.25710 -0.72072 -0.01096 -0.02219 0.66601 3.30242
---
> -3.25711 -0.72072 -0.01096 -0.02219 0.66601 3.30242
Flavor: r-devel-windows-x86_64